{"id":8334,"date":"2022-05-07T22:09:10","date_gmt":"2022-05-08T01:09:10","guid":{"rendered":"https:\/\/sbfisica.org.br\/v1\/sbf\/?page_id=8334"},"modified":"2022-05-27T17:43:05","modified_gmt":"2022-05-27T20:43:05","slug":"regras-do-plano","status":"publish","type":"page","link":"https:\/\/www.sbfisica.org.br\/v1\/sbf\/socios\/beneficios\/plano-saude-dental\/regras-do-plano\/","title":{"rendered":"Regras do Plano"},"content":{"rendered":"<style>.elementor-8334 .elementor-element.elementor-element-f2c2b2c:not(.elementor-motion-effects-element-type-background), .elementor-8334 .elementor-element.elementor-element-f2c2b2c > .elementor-motion-effects-container > .elementor-motion-effects-layer{background-color:#FAF9F6;background-image:url(\"https:\/\/www.sbfisica.org.br\/v1\/sbf\/wp-content\/uploads\/2022\/05\/3d-illustration-atom-connection-concept-abstrack-background-science-1.jpg\");background-position:center center;background-repeat:no-repeat;background-size:cover;}.elementor-8334 .elementor-element.elementor-element-f2c2b2c > .elementor-background-overlay{background-color:var( --e-global-color-primary );opacity:0.72;transition:background 0.3s, border-radius 0.3s, opacity 0.3s;}.elementor-8334 .elementor-element.elementor-element-f2c2b2c{transition:background 0.3s, border 0.3s, border-radius 0.3s, box-shadow 0.3s;padding:120px 0px 120px 0px;}.elementor-widget-heading .elementor-heading-title{font-family:var( --e-global-typography-primary-font-family ), raleway;font-weight:var( --e-global-typography-primary-font-weight );color:var( --e-global-color-primary );}.elementor-8334 .elementor-element.elementor-element-b71a2a4{text-align:center;}.elementor-8334 .elementor-element.elementor-element-b71a2a4 .elementor-heading-title{font-family:\"Kanit\", raleway;font-size:50px;font-weight:600;color:var( --e-global-color-e604687 );}.elementor-8334 .elementor-element.elementor-element-1d23d37{text-align:center;}.elementor-8334 .elementor-element.elementor-element-1d23d37 .elementor-heading-title{font-family:var( --e-global-typography-secondary-font-family ), raleway;font-weight:var( --e-global-typography-secondary-font-weight );text-shadow:0px 0px 10px rgba(0, 0, 0, 0.46);color:var( --e-global-color-e604687 );}.elementor-8334 .elementor-element.elementor-element-fbdac53:not(.elementor-motion-effects-element-type-background), .elementor-8334 .elementor-element.elementor-element-fbdac53 > .elementor-motion-effects-container > .elementor-motion-effects-layer{background-color:var( --e-global-color-247ad3a );}.elementor-8334 .elementor-element.elementor-element-fbdac53{transition:background 0.3s, border 0.3s, border-radius 0.3s, box-shadow 0.3s;padding:50px 0px 50px 0px;}.elementor-8334 .elementor-element.elementor-element-fbdac53 > .elementor-background-overlay{transition:background 0.3s, border-radius 0.3s, opacity 0.3s;}.elementor-widget-text-editor{font-family:var( --e-global-typography-text-font-family ), raleway;font-weight:var( --e-global-typography-text-font-weight );color:var( --e-global-color-text );}.elementor-widget-text-editor.elementor-drop-cap-view-stacked .elementor-drop-cap{background-color:var( --e-global-color-primary );}.elementor-widget-text-editor.elementor-drop-cap-view-framed .elementor-drop-cap, .elementor-widget-text-editor.elementor-drop-cap-view-default .elementor-drop-cap{color:var( --e-global-color-primary );border-color:var( --e-global-color-primary );}.elementor-8334 .elementor-element.elementor-element-8e0e0cc{text-align:justify;}:root{--page-title-display:none;}@media(min-width:1025px){.elementor-8334 .elementor-element.elementor-element-f2c2b2c:not(.elementor-motion-effects-element-type-background), .elementor-8334 .elementor-element.elementor-element-f2c2b2c > .elementor-motion-effects-container > .elementor-motion-effects-layer{background-attachment:scroll;}}<\/style>\t\t<div data-elementor-type=\"wp-post\" data-elementor-id=\"8334\" class=\"elementor elementor-8334\" data-elementor-settings=\"{&quot;ha_cmc_init_switcher&quot;:&quot;no&quot;}\" data-elementor-post-type=\"page\">\n\t\t\t\t\t\t<section class=\"elementor-section elementor-top-section elementor-element elementor-element-f2c2b2c elementor-section-full_width elementor-section-height-default elementor-section-height-default\" data-id=\"f2c2b2c\" data-element_type=\"section\" data-settings=\"{&quot;background_background&quot;:&quot;classic&quot;,&quot;_ha_eqh_enable&quot;:false}\">\n\t\t\t\t\t\t\t<div class=\"elementor-background-overlay\"><\/div>\n\t\t\t\t\t\t\t<div class=\"elementor-container elementor-column-gap-default\">\n\t\t\t\t\t<div class=\"elementor-column elementor-col-100 elementor-top-column elementor-element elementor-element-22a3add\" data-id=\"22a3add\" data-element_type=\"column\">\n\t\t\t<div class=\"elementor-widget-wrap elementor-element-populated\">\n\t\t\t\t\t\t<div class=\"elementor-element elementor-element-b71a2a4 elementor-widget elementor-widget-heading\" data-id=\"b71a2a4\" data-element_type=\"widget\" data-widget_type=\"heading.default\">\n\t\t\t\t<div class=\"elementor-widget-container\">\n\t\t\t\t\t<h1 class=\"elementor-heading-title elementor-size-default\">REGRAS DO PLANO<\/h1>\t\t\t\t<\/div>\n\t\t\t\t<\/div>\n\t\t\t\t\t<\/div>\n\t\t<\/div>\n\t\t\t\t\t<\/div>\n\t\t<\/section>\n\t\t\t\t<section class=\"elementor-section elementor-top-section elementor-element elementor-element-fbdac53 elementor-section-boxed elementor-section-height-default elementor-section-height-default\" data-id=\"fbdac53\" data-element_type=\"section\" data-settings=\"{&quot;background_background&quot;:&quot;classic&quot;,&quot;_ha_eqh_enable&quot;:false}\">\n\t\t\t\t\t\t<div class=\"elementor-container elementor-column-gap-default\">\n\t\t\t\t\t<div class=\"elementor-column elementor-col-100 elementor-top-column elementor-element elementor-element-7d67f16\" data-id=\"7d67f16\" data-element_type=\"column\">\n\t\t\t<div class=\"elementor-widget-wrap elementor-element-populated\">\n\t\t\t\t\t\t<div class=\"elementor-element elementor-element-8e0e0cc elementor-widget elementor-widget-text-editor\" data-id=\"8e0e0cc\" data-element_type=\"widget\" data-widget_type=\"text-editor.default\">\n\t\t\t\t<div class=\"elementor-widget-container\">\n\t\t\t\t\t\t\t\t\t<p>O<span style=\"font-weight: 400;\">s Segurados dever\u00e3o permanecer na ap\u00f3lice por, no m\u00ednimo, 12 meses. Havendo utiliza\u00e7\u00e3o de qualquer cobertura, a exclus\u00e3o de um Segurado s\u00f3 poder\u00e1 ser solicitada ap\u00f3s 12 (doze) meses da \u00faltima utiliza\u00e7\u00e3o por qualquer um dos integrantes do grupo familiar.\u00a0<\/span><\/p><p><b>Car\u00eancia<\/b><\/p><p><span style=\"font-weight: 400;\">Consultas e urg\u00eancia\/emerg\u00eancia \u2013 isenta<\/span><\/p><p><span style=\"font-weight: 400;\">Coberturas b\u00e1sicas \u2013 90 (noventa) dias<\/span><\/p><p><span style=\"font-weight: 400;\">Pr\u00f3tese e ortodontia, se contratadas estas coberturas \u2013 180 (cento e oitenta dias) <\/span><\/p>\t\t\t\t\t\t\t\t<\/div>\n\t\t\t\t<\/div>\n\t\t\t\t\t<\/div>\n\t\t<\/div>\n\t\t\t\t\t<\/div>\n\t\t<\/section>\n\t\t\t\t<\/div>\n\t\t","protected":false},"excerpt":{"rendered":"<p>REGRAS DO PLANO Os Segurados dever\u00e3o permanecer na ap\u00f3lice por, no m\u00ednimo, 12 meses. Havendo utiliza\u00e7\u00e3o de qualquer cobertura, a exclus\u00e3o de um Segurado s\u00f3 poder\u00e1 ser solicitada ap\u00f3s 12 (doze) meses da \u00faltima utiliza\u00e7\u00e3o por qualquer um dos integrantes do grupo familiar.\u00a0 Car\u00eancia Consultas e urg\u00eancia\/emerg\u00eancia \u2013 isenta Coberturas b\u00e1sicas \u2013 90 (noventa) dias [&hellip;]<\/p>\n","protected":false},"author":7,"featured_media":16567,"parent":8328,"menu_order":0,"comment_status":"closed","ping_status":"closed","template":"elementor_header_footer","meta":{"footnotes":""},"class_list":["post-8334","page","type-page","status-publish","has-post-thumbnail","hentry"],"aioseo_notices":[],"_links":{"self":[{"href":"https:\/\/www.sbfisica.org.br\/v1\/sbf\/wp-json\/wp\/v2\/pages\/8334","targetHints":{"allow":["GET"]}}],"collection":[{"href":"https:\/\/www.sbfisica.org.br\/v1\/sbf\/wp-json\/wp\/v2\/pages"}],"about":[{"href":"https:\/\/www.sbfisica.org.br\/v1\/sbf\/wp-json\/wp\/v2\/types\/page"}],"author":[{"embeddable":true,"href":"https:\/\/www.sbfisica.org.br\/v1\/sbf\/wp-json\/wp\/v2\/users\/7"}],"replies":[{"embeddable":true,"href":"https:\/\/www.sbfisica.org.br\/v1\/sbf\/wp-json\/wp\/v2\/comments?post=8334"}],"version-history":[{"count":11,"href":"https:\/\/www.sbfisica.org.br\/v1\/sbf\/wp-json\/wp\/v2\/pages\/8334\/revisions"}],"predecessor-version":[{"id":14348,"href":"https:\/\/www.sbfisica.org.br\/v1\/sbf\/wp-json\/wp\/v2\/pages\/8334\/revisions\/14348"}],"up":[{"embeddable":true,"href":"https:\/\/www.sbfisica.org.br\/v1\/sbf\/wp-json\/wp\/v2\/pages\/8328"}],"wp:featuredmedia":[{"embeddable":true,"href":"https:\/\/www.sbfisica.org.br\/v1\/sbf\/wp-json\/wp\/v2\/media\/16567"}],"wp:attachment":[{"href":"https:\/\/www.sbfisica.org.br\/v1\/sbf\/wp-json\/wp\/v2\/media?parent=8334"}],"curies":[{"name":"wp","href":"https:\/\/api.w.org\/{rel}","templated":true}]}}