{"id":7983,"date":"2022-05-07T02:22:40","date_gmt":"2022-05-07T05:22:40","guid":{"rendered":"https:\/\/sbfisica.org.br\/v1\/sbf\/?page_id=7983"},"modified":"2026-04-16T10:09:51","modified_gmt":"2026-04-16T13:09:51","slug":"instrucoes-para-organizadores","status":"publish","type":"page","link":"https:\/\/www.sbfisica.org.br\/v1\/sbf\/eventos\/instrucoes-para-organizadores\/","title":{"rendered":"Instru\u00e7\u00f5es para organizadores"},"content":{"rendered":"<style>.elementor-7983 .elementor-element.elementor-element-7d098f6:not(.elementor-motion-effects-element-type-background), .elementor-7983 .elementor-element.elementor-element-7d098f6 > .elementor-motion-effects-container > .elementor-motion-effects-layer{background-color:#FAF9F6;background-image:url(\"https:\/\/www.sbfisica.org.br\/v1\/sbf\/wp-content\/uploads\/2023\/04\/two-young-people-writing-and-talking-on-business-m-2023-04-11.jpg\");background-position:center right;background-repeat:no-repeat;background-size:cover;}.elementor-7983 .elementor-element.elementor-element-7d098f6 > .elementor-background-overlay{background-color:transparent;background-image:linear-gradient(40deg, var( --e-global-color-secondary ) 50%, #FFFFFF00 70%);opacity:0.8;transition:background 0.3s, border-radius 0.3s, opacity 0.3s;}.elementor-7983 .elementor-element.elementor-element-7d098f6{transition:background 0.3s, border 0.3s, border-radius 0.3s, box-shadow 0.3s;margin-top:0%;margin-bottom:3%;padding:120px 0px 120px 0px;}.elementor-widget-heading .elementor-heading-title{font-family:var( --e-global-typography-primary-font-family ), raleway;font-weight:var( --e-global-typography-primary-font-weight );color:var( --e-global-color-primary );}.elementor-7983 .elementor-element.elementor-element-edb55ab{text-align:start;}.elementor-7983 .elementor-element.elementor-element-edb55ab .elementor-heading-title{font-family:\"Kanit\", raleway;font-size:50px;font-weight:600;color:#FFFFFF;}.elementor-7983 .elementor-element.elementor-element-fbdac53:not(.elementor-motion-effects-element-type-background), .elementor-7983 .elementor-element.elementor-element-fbdac53 > .elementor-motion-effects-container > .elementor-motion-effects-layer{background-color:var( --e-global-color-247ad3a );}.elementor-7983 .elementor-element.elementor-element-fbdac53{transition:background 0.3s, border 0.3s, border-radius 0.3s, box-shadow 0.3s;padding:0px 0px 0px 0px;}.elementor-7983 .elementor-element.elementor-element-fbdac53 > .elementor-background-overlay{transition:background 0.3s, border-radius 0.3s, opacity 0.3s;}.elementor-widget-text-editor{font-family:var( --e-global-typography-text-font-family ), raleway;font-weight:var( --e-global-typography-text-font-weight );color:var( --e-global-color-text );}.elementor-widget-text-editor.elementor-drop-cap-view-stacked .elementor-drop-cap{background-color:var( --e-global-color-primary );}.elementor-widget-text-editor.elementor-drop-cap-view-framed .elementor-drop-cap, .elementor-widget-text-editor.elementor-drop-cap-view-default .elementor-drop-cap{color:var( --e-global-color-primary );border-color:var( --e-global-color-primary );}.elementor-7983 .elementor-element.elementor-element-08c2487 .elementor-heading-title{font-family:\"Kanit\", raleway;font-weight:600;color:#000000;}.elementor-7983 .elementor-element.elementor-element-aea9f4d .elementor-heading-title{font-family:\"Kanit\", raleway;font-weight:600;color:#000000;}.elementor-7983 .elementor-element.elementor-element-64bb4ac .elementor-heading-title{font-family:\"Kanit\", raleway;font-weight:600;color:#000000;}.elementor-7983 .elementor-element.elementor-element-0ff6fc3{font-family:\"Open Sans\", raleway;font-weight:400;color:#000000;}:root{--page-title-display:none;}@media(max-width:1024px){.elementor-7983 .elementor-element.elementor-element-edb55ab .elementor-heading-title{font-size:40px;}}@media(min-width:1025px){.elementor-7983 .elementor-element.elementor-element-7d098f6:not(.elementor-motion-effects-element-type-background), .elementor-7983 .elementor-element.elementor-element-7d098f6 > .elementor-motion-effects-container > .elementor-motion-effects-layer{background-attachment:scroll;}}@media(max-width:767px){.elementor-7983 .elementor-element.elementor-element-7d098f6{padding:50px 0px 50px 0px;}.elementor-7983 .elementor-element.elementor-element-edb55ab .elementor-heading-title{font-size:25px;}}\/* Start custom CSS for section, class: .elementor-element-fbdac53 *\/.bullet ul li {\r\n    list-style: disc;\r\n}\/* End custom CSS *\/<\/style>\t\t<div data-elementor-type=\"wp-post\" data-elementor-id=\"7983\" class=\"elementor elementor-7983\" data-elementor-settings=\"{&quot;ha_cmc_init_switcher&quot;:&quot;no&quot;}\" data-elementor-post-type=\"page\">\n\t\t\t\t\t\t<section class=\"elementor-section elementor-top-section elementor-element elementor-element-7d098f6 banner-page elementor-section-boxed elementor-section-height-default elementor-section-height-default\" data-id=\"7d098f6\" data-element_type=\"section\" data-settings=\"{&quot;background_background&quot;:&quot;classic&quot;,&quot;_ha_eqh_enable&quot;:false}\">\n\t\t\t\t\t\t\t<div class=\"elementor-background-overlay\"><\/div>\n\t\t\t\t\t\t\t<div class=\"elementor-container elementor-column-gap-default\">\n\t\t\t\t\t<div class=\"elementor-column elementor-col-100 elementor-top-column elementor-element elementor-element-cd770bf\" data-id=\"cd770bf\" data-element_type=\"column\">\n\t\t\t<div class=\"elementor-widget-wrap elementor-element-populated\">\n\t\t\t\t\t\t<div class=\"elementor-element elementor-element-edb55ab elementor-widget elementor-widget-heading\" data-id=\"edb55ab\" data-element_type=\"widget\" data-widget_type=\"heading.default\">\n\t\t\t\t<div class=\"elementor-widget-container\">\n\t\t\t\t\t<h1 class=\"elementor-heading-title elementor-size-default\">Instru\u00e7\u00f5es para organizadores<\/h1>\t\t\t\t<\/div>\n\t\t\t\t<\/div>\n\t\t\t\t\t<\/div>\n\t\t<\/div>\n\t\t\t\t\t<\/div>\n\t\t<\/section>\n\t\t\t\t<section class=\"elementor-section elementor-top-section elementor-element elementor-element-fbdac53 elementor-section-boxed elementor-section-height-default elementor-section-height-default\" data-id=\"fbdac53\" data-element_type=\"section\" data-settings=\"{&quot;background_background&quot;:&quot;classic&quot;,&quot;_ha_eqh_enable&quot;:false}\">\n\t\t\t\t\t\t<div class=\"elementor-container elementor-column-gap-default\">\n\t\t\t\t\t<div class=\"elementor-column elementor-col-100 elementor-top-column elementor-element elementor-element-7d67f16\" data-id=\"7d67f16\" data-element_type=\"column\">\n\t\t\t<div class=\"elementor-widget-wrap elementor-element-populated\">\n\t\t\t\t\t\t<div class=\"elementor-element elementor-element-b876524 elementor-widget elementor-widget-text-editor\" data-id=\"b876524\" data-element_type=\"widget\" data-widget_type=\"text-editor.default\">\n\t\t\t\t<div class=\"elementor-widget-container\">\n\t\t\t\t\t\t\t\t\t<p>Os coordenadores devem destinar uma fra\u00e7\u00e3o da receita proveniente das inscri\u00e7\u00f5es para o caixa da SBF, para cobrir os custos institucionais com a organiza\u00e7\u00e3o de eventos. Esta taxa de administra\u00e7\u00e3o deve ser de no m\u00ednimo 50% sobre o valor total da receita com inscri\u00e7\u00f5es.<\/p><p>Quanto aos recursos provenientes das diferentes ag\u00eancias de financiamento (CNPq, CAPES etc), deve ficar claro que a SBF faz apenas a gest\u00e3o. Recursos das ag\u00eancias n\u00e3o s\u00e3o para a SBF. Ela apenas recebe recursos, executa os gastos e, eventualmente, devolve o restante para as ag\u00eancias. Portanto, apenas os recursos provenientes das taxas de inscri\u00e7\u00e3o s\u00e3o de fato receitas da SBF.<\/p><p>A coordena\u00e7\u00e3o do evento poder\u00e1 conceder algumas gratuidades a serem distribu\u00eddas conforme decis\u00e3o do coordenador dentre convidados e comit\u00eas (cient\u00edfico e organizador). O n\u00famero de gratuidades m\u00e1ximo ser\u00e1 igual a 10% do n\u00famero total de inscritos. (O pr\u00f3prio coordenador estar\u00e1 incluso entre esses 10%, al\u00e9m de palestrantes convidados, membros de comiss\u00f5es etc).<\/p><p>Como sugest\u00e3o em rela\u00e7\u00e3o \u00e0 isen\u00e7\u00e3o de taxas de inscri\u00e7\u00e3o, a pol\u00edtica da SBF tem sido a seguinte: coordenadores gerais e de programa, e convidados de sess\u00f5es plen\u00e1rias t\u00eam isen\u00e7\u00e3o total. Membros dos comit\u00eas organizadores e cient\u00edficos que trabalharem efetivamente para o evento t\u00eam 50% de isen\u00e7\u00e3o. Convidados para sess\u00f5es orais poder\u00e3o ter isen\u00e7\u00e3o ou desconto da taxa de inscri\u00e7\u00e3o.<\/p><p>Os coordenadores poder\u00e3o decidir por oferecer isen\u00e7\u00e3o total ou parcial para participantes que n\u00e3o se enquadrem na descri\u00e7\u00e3o acima, desde que fa\u00e7am o ressarcimento da diferen\u00e7a para a SBF, usando para isso outras formas de receita do evento.<\/p>\t\t\t\t\t\t\t\t<\/div>\n\t\t\t\t<\/div>\n\t\t\t\t<div class=\"elementor-element elementor-element-08c2487 elementor-widget elementor-widget-heading\" data-id=\"08c2487\" data-element_type=\"widget\" data-widget_type=\"heading.default\">\n\t\t\t\t<div class=\"elementor-widget-container\">\n\t\t\t\t\t<h2 class=\"elementor-heading-title elementor-size-default\">Recomenda\u00e7\u00f5es da Comiss\u00e3o Jedi<\/h2>\t\t\t\t<\/div>\n\t\t\t\t<\/div>\n\t\t\t\t<div class=\"elementor-element elementor-element-1d1152f elementor-widget elementor-widget-text-editor\" data-id=\"1d1152f\" data-element_type=\"widget\" data-widget_type=\"text-editor.default\">\n\t\t\t\t<div class=\"elementor-widget-container\">\n\t\t\t\t\t\t\t\t\t<p>A Comiss\u00e3o JEDI (Justi\u00e7a, Equidade, Diversidade e Inclus\u00e3o) elaborarou um documento com recomenda\u00e7\u00f5es para organizadores de eventos. O material resulta do compromisso firmado pela SBF no enfrentamento \u00e0 desigualdade, ao ass\u00e9dio, \u00e0 discrimina\u00e7\u00e3o e \u00e0s opress\u00f5es sistem\u00e1ticas que ocorrem no meio cient\u00edfico.<\/p><p><a href=\"https:\/\/www.sbfisica.org.br\/\/v1\/sbf\/wp-content\/uploads\/2022\/08\/recomendacoes-para-eventos-e-codigo-de-conduta.pdf\">Leia aqui o documento na \u00edntegra<\/a>.<\/p>\t\t\t\t\t\t\t\t<\/div>\n\t\t\t\t<\/div>\n\t\t\t\t<div class=\"elementor-element elementor-element-aea9f4d elementor-widget elementor-widget-heading\" data-id=\"aea9f4d\" data-element_type=\"widget\" data-widget_type=\"heading.default\">\n\t\t\t\t<div class=\"elementor-widget-container\">\n\t\t\t\t\t<h2 class=\"elementor-heading-title elementor-size-default\">C\u00f3digo de Conduta<\/h2>\t\t\t\t<\/div>\n\t\t\t\t<\/div>\n\t\t\t\t<div class=\"elementor-element elementor-element-d048a1d elementor-widget elementor-widget-text-editor\" data-id=\"d048a1d\" data-element_type=\"widget\" data-widget_type=\"text-editor.default\">\n\t\t\t\t<div class=\"elementor-widget-container\">\n\t\t\t\t\t\t\t\t\t<p>\u00c9 pol\u00edtica da Sociedade Brasileira de F\u00edsica (SBF) que todas as pessoas no evento, incluindo participantes, pessoas convidadas, equipes de vendas, equipe de apoio, pessoas tercerizadas, pessoas volunt\u00e1rias e todas as demais partes interessadas nas reuni\u00f5es SBF, sejam tratadas e tamb\u00e9m se comportem de maneira profissional, acolhedora, e livre de qualquer forma de discrimina\u00e7\u00e3o, ass\u00e9dio moral, ass\u00e9dio sexual, importuna\u00e7\u00e3o sexual, retalia\u00e7\u00e3o, viol\u00eancia f\u00edsica ou verbal.<\/p><p>As pessoas participantes dever\u00e3o tratar umas \u00e0s outras com respeito e considera\u00e7\u00e3o para criar um ambiente acad\u00eamico, inclusivo e profissional nas reuni\u00f5es da SBF. A cria\u00e7\u00e3o de um ambiente de apoio para permitir a discuss\u00e3o cient\u00edfica em eventos \u00e9 responsabilidade de todas as pessoas participantes.<\/p><p>As pessoas participantes evitar\u00e3o quaisquer a\u00e7\u00f5es ou declara\u00e7\u00f5es inadequadas com base em caracter\u00edsticas individuais como idade, ra\u00e7a, etnia, orienta\u00e7\u00e3o sexual, identidade de g\u00eanero, express\u00e3o de g\u00eanero, estado civil, nacionalidade, filia\u00e7\u00e3o pol\u00edtica, status de habilidade, hist\u00f3rico educacional ou qualquer outra caracter\u00edstica protegida por lei. Comportamento perturbador ou de ass\u00e9dio de qualquer tipo n\u00e3o ser\u00e1 tolerado. O ass\u00e9dio inclui, mas n\u00e3o se limita a, comportamento e linguagem inadequados ou intimidantes, piadas ou coment\u00e1rios indesejados, toques ou aten\u00e7\u00e3o indesejados, imagens ofensivas, fotografia sem permiss\u00e3o e persegui\u00e7\u00e3o.<\/p><p>Viola\u00e7\u00f5es a este c\u00f3digo de pol\u00edtica de conduta devem ser relatadas \u00e0 comiss\u00e3o de organiza\u00e7\u00e3o do evento. As san\u00e7\u00f5es podem variar de advert\u00eancia verbal \u00e0 expuls\u00e3o da reuni\u00e3o sem reembolso e, se necess\u00e1rio, notifica\u00e7\u00e3o \u00e0s autoridades apropriadas. Qualquer retalia\u00e7\u00e3o por reclama\u00e7\u00f5es de conduta inadequada n\u00e3o ser\u00e1 tolerada. Se qualquer participante observar coment\u00e1rios ou a\u00e7\u00f5es inadequadas e a interven\u00e7\u00e3o pessoal lhe parecer apropriada e segura, essa pessoa deve levar em considera\u00e7\u00e3o todas as partes antes de intervir.<\/p>\t\t\t\t\t\t\t\t<\/div>\n\t\t\t\t<\/div>\n\t\t\t\t<div class=\"elementor-element elementor-element-64bb4ac elementor-widget elementor-widget-heading\" data-id=\"64bb4ac\" data-element_type=\"widget\" data-widget_type=\"heading.default\">\n\t\t\t\t<div class=\"elementor-widget-container\">\n\t\t\t\t\t<h2 class=\"elementor-heading-title elementor-size-default\">Comiss\u00e3o de Reuni\u00f5es<\/h2>\t\t\t\t<\/div>\n\t\t\t\t<\/div>\n\t\t\t\t<div class=\"elementor-element elementor-element-0ff6fc3 elementor-widget elementor-widget-text-editor\" data-id=\"0ff6fc3\" data-element_type=\"widget\" data-widget_type=\"text-editor.default\">\n\t\t\t\t<div class=\"elementor-widget-container\">\n\t\t\t\t\t\t\t\t\t<ul><li>Victor Gon\u00e7alves (UFPel)<\/li><li>Susana Souza Lalic<\/li><li>Marcelo Gameiro Munhoz<\/li><li>Luiz Gustavo Can\u00e7ado<\/li><li>Andreia Guerra de Morais<\/li><\/ul>\t\t\t\t\t\t\t\t<\/div>\n\t\t\t\t<\/div>\n\t\t\t\t\t<\/div>\n\t\t<\/div>\n\t\t\t\t\t<\/div>\n\t\t<\/section>\n\t\t\t\t<\/div>\n\t\t","protected":false},"excerpt":{"rendered":"<p>Instru\u00e7\u00f5es para organizadores Os coordenadores devem destinar uma fra\u00e7\u00e3o da receita proveniente das inscri\u00e7\u00f5es para o caixa da SBF, para cobrir os custos institucionais com a organiza\u00e7\u00e3o de eventos. Esta taxa de administra\u00e7\u00e3o deve ser de no m\u00ednimo 50% sobre o valor total da receita com inscri\u00e7\u00f5es. Quanto aos recursos provenientes das diferentes ag\u00eancias de [&hellip;]<\/p>\n","protected":false},"author":7,"featured_media":16567,"parent":7972,"menu_order":0,"comment_status":"closed","ping_status":"closed","template":"elementor_header_footer","meta":{"footnotes":""},"class_list":["post-7983","page","type-page","status-publish","has-post-thumbnail","hentry"],"aioseo_notices":[],"_links":{"self":[{"href":"https:\/\/www.sbfisica.org.br\/v1\/sbf\/wp-json\/wp\/v2\/pages\/7983","targetHints":{"allow":["GET"]}}],"collection":[{"href":"https:\/\/www.sbfisica.org.br\/v1\/sbf\/wp-json\/wp\/v2\/pages"}],"about":[{"href":"https:\/\/www.sbfisica.org.br\/v1\/sbf\/wp-json\/wp\/v2\/types\/page"}],"author":[{"embeddable":true,"href":"https:\/\/www.sbfisica.org.br\/v1\/sbf\/wp-json\/wp\/v2\/users\/7"}],"replies":[{"embeddable":true,"href":"https:\/\/www.sbfisica.org.br\/v1\/sbf\/wp-json\/wp\/v2\/comments?post=7983"}],"version-history":[{"count":116,"href":"https:\/\/www.sbfisica.org.br\/v1\/sbf\/wp-json\/wp\/v2\/pages\/7983\/revisions"}],"predecessor-version":[{"id":31184,"href":"https:\/\/www.sbfisica.org.br\/v1\/sbf\/wp-json\/wp\/v2\/pages\/7983\/revisions\/31184"}],"up":[{"embeddable":true,"href":"https:\/\/www.sbfisica.org.br\/v1\/sbf\/wp-json\/wp\/v2\/pages\/7972"}],"wp:featuredmedia":[{"embeddable":true,"href":"https:\/\/www.sbfisica.org.br\/v1\/sbf\/wp-json\/wp\/v2\/media\/16567"}],"wp:attachment":[{"href":"https:\/\/www.sbfisica.org.br\/v1\/sbf\/wp-json\/wp\/v2\/media?parent=7983"}],"curies":[{"name":"wp","href":"https:\/\/api.w.org\/{rel}","templated":true}]}}