{"id":5442,"date":"2019-06-13T07:24:06","date_gmt":"2019-06-13T10:24:06","guid":{"rendered":"https:\/\/gaviaspreview.com\/wp\/kipso\/?page_id=5442"},"modified":"2024-08-23T19:06:57","modified_gmt":"2024-08-23T22:06:57","slug":"estatutos-atas-relatorios","status":"publish","type":"page","link":"https:\/\/www.sbfisica.org.br\/v1\/sbf\/sobre-nos\/estatutos-atas-relatorios\/","title":{"rendered":"Estatutos, Atas e Relat\u00f3rios"},"content":{"rendered":"<style>.elementor-5442 .elementor-element.elementor-element-be22bb7:not(.elementor-motion-effects-element-type-background), .elementor-5442 .elementor-element.elementor-element-be22bb7 > .elementor-motion-effects-container > .elementor-motion-effects-layer{background-color:#FAF9F6;background-image:url(\"https:\/\/www.sbfisica.org.br\/v1\/sbf\/wp-content\/uploads\/2022\/05\/background-image-of-bright-colored-filing-folders-2021-09-01-17-46-42-utc-scaled.jpg\");background-position:center center;background-repeat:no-repeat;background-size:cover;}.elementor-5442 .elementor-element.elementor-element-be22bb7 > .elementor-background-overlay{background-color:transparent;background-image:linear-gradient(40deg, #063267 50%, #FFFFFF00 70%);opacity:0.8;transition:background 0.3s, border-radius 0.3s, opacity 0.3s;}.elementor-5442 .elementor-element.elementor-element-be22bb7 .elementor-background-overlay{filter:brightness( 100% ) contrast( 100% ) saturate( 100% ) blur( 0px ) hue-rotate( 0deg );}.elementor-5442 .elementor-element.elementor-element-be22bb7{transition:background 0.3s, border 0.3s, border-radius 0.3s, box-shadow 0.3s;margin-top:0%;margin-bottom:3%;padding:120px 0px 120px 0px;}.elementor-widget-heading .elementor-heading-title{font-family:var( --e-global-typography-primary-font-family ), raleway;font-weight:var( --e-global-typography-primary-font-weight );color:var( --e-global-color-primary );}.elementor-5442 .elementor-element.elementor-element-a41e3ac{text-align:start;}.elementor-5442 .elementor-element.elementor-element-a41e3ac .elementor-heading-title{font-family:\"Kanit\", raleway;font-size:50px;font-weight:600;color:var( --e-global-color-primary );}.elementor-widget-text-editor{font-family:var( --e-global-typography-text-font-family ), raleway;font-weight:var( --e-global-typography-text-font-weight );color:var( --e-global-color-text );}.elementor-widget-text-editor.elementor-drop-cap-view-stacked .elementor-drop-cap{background-color:var( --e-global-color-primary );}.elementor-widget-text-editor.elementor-drop-cap-view-framed .elementor-drop-cap, .elementor-widget-text-editor.elementor-drop-cap-view-default .elementor-drop-cap{color:var( --e-global-color-primary );border-color:var( --e-global-color-primary );}.elementor-5442 .elementor-element.elementor-element-f128c41:not(.elementor-motion-effects-element-type-background), .elementor-5442 .elementor-element.elementor-element-f128c41 > .elementor-motion-effects-container > .elementor-motion-effects-layer{background-color:var( --e-global-color-primary );}.elementor-5442 .elementor-element.elementor-element-f128c41{transition:background 0.3s, border 0.3s, border-radius 0.3s, box-shadow 0.3s;padding:2em 0em 2em 0em;}.elementor-5442 .elementor-element.elementor-element-f128c41 > .elementor-background-overlay{transition:background 0.3s, border-radius 0.3s, opacity 0.3s;}.elementor-widget-ha-card .ha-badge{font-family:var( --e-global-typography-text-font-family ), raleway;font-weight:var( --e-global-typography-text-font-weight );}.elementor-widget-ha-card .ha-card-title{font-family:var( --e-global-typography-secondary-font-family ), raleway;font-weight:var( --e-global-typography-secondary-font-weight );}.elementor-widget-ha-card .ha-card-text{font-family:var( --e-global-typography-text-font-family ), raleway;font-weight:var( --e-global-typography-text-font-weight );}.elementor-widget-ha-card .ha-btn{font-family:var( --e-global-typography-accent-font-family ), raleway;font-weight:var( --e-global-typography-accent-font-weight );}.elementor-5442 .elementor-element.elementor-element-7f01979 .elementor-widget-container{-webkit-box-orient:vertical;-webkit-box-direction:normal;-ms-flex-direction:column;flex-direction:column;text-align:left;}.elementor-5442 .elementor-element.elementor-element-7f01979:hover .elementor-widget-container{box-shadow:0px 0px 10px 0px rgba(0,0,0,0.5);}.elementor-5442 .elementor-element.elementor-element-7f01979 .ha-card-body{padding:30px 30px 30px 30px;}.elementor-5442 .elementor-element.elementor-element-7f01979 .ha-card-text{margin-bottom:0px;}.elementor-5442 .elementor-element.elementor-element-92ced11 .elementor-widget-container{-webkit-box-orient:vertical;-webkit-box-direction:normal;-ms-flex-direction:column;flex-direction:column;text-align:left;}.elementor-5442 .elementor-element.elementor-element-92ced11:hover .elementor-widget-container{box-shadow:0px 0px 10px 0px rgba(0,0,0,0.5);}.elementor-5442 .elementor-element.elementor-element-92ced11 .ha-card-body{padding:30px 30px 30px 30px;}.elementor-5442 .elementor-element.elementor-element-92ced11 .ha-card-text{margin-bottom:0px;}.elementor-5442 .elementor-element.elementor-element-e5b2344 .elementor-widget-container{-webkit-box-orient:vertical;-webkit-box-direction:normal;-ms-flex-direction:column;flex-direction:column;text-align:left;}.elementor-5442 .elementor-element.elementor-element-e5b2344:hover .elementor-widget-container{box-shadow:0px 0px 10px 0px rgba(0,0,0,0.5);}.elementor-5442 .elementor-element.elementor-element-e5b2344 .ha-card-body{padding:30px 30px 30px 30px;}.elementor-5442 .elementor-element.elementor-element-e5b2344 .ha-card-text{margin-bottom:0px;}@media(max-width:1024px){.elementor-5442 .elementor-element.elementor-element-a41e3ac .elementor-heading-title{font-size:40px;}.elementor-5442 .elementor-element.elementor-element-7f01979 .elementor-widget-container{-webkit-box-orient:vertical;-webkit-box-direction:normal;-ms-flex-direction:column;flex-direction:column;text-align:left;}.elementor-5442 .elementor-element.elementor-element-7f01979{--ha-card-image-width:100%;}.elementor-5442 .elementor-element.elementor-element-92ced11 .elementor-widget-container{-webkit-box-orient:vertical;-webkit-box-direction:normal;-ms-flex-direction:column;flex-direction:column;text-align:left;}.elementor-5442 .elementor-element.elementor-element-92ced11{--ha-card-image-width:100%;}.elementor-5442 .elementor-element.elementor-element-e5b2344 .elementor-widget-container{-webkit-box-orient:vertical;-webkit-box-direction:normal;-ms-flex-direction:column;flex-direction:column;text-align:left;}.elementor-5442 .elementor-element.elementor-element-e5b2344{--ha-card-image-width:100%;}}@media(min-width:1025px){.elementor-5442 .elementor-element.elementor-element-be22bb7:not(.elementor-motion-effects-element-type-background), .elementor-5442 .elementor-element.elementor-element-be22bb7 > .elementor-motion-effects-container > .elementor-motion-effects-layer{background-attachment:scroll;}}@media(max-width:767px){.elementor-5442 .elementor-element.elementor-element-be22bb7{padding:50px 0px 50px 0px;}.elementor-5442 .elementor-element.elementor-element-a41e3ac .elementor-heading-title{font-size:25px;}.elementor-5442 .elementor-element.elementor-element-7f01979 .elementor-widget-container{-webkit-box-orient:vertical;-webkit-box-direction:normal;-ms-flex-direction:column;flex-direction:column;text-align:left;}.elementor-5442 .elementor-element.elementor-element-7f01979{--ha-card-image-width:100%;}.elementor-5442 .elementor-element.elementor-element-92ced11 .elementor-widget-container{-webkit-box-orient:vertical;-webkit-box-direction:normal;-ms-flex-direction:column;flex-direction:column;text-align:left;}.elementor-5442 .elementor-element.elementor-element-92ced11{--ha-card-image-width:100%;}.elementor-5442 .elementor-element.elementor-element-e5b2344 .elementor-widget-container{-webkit-box-orient:vertical;-webkit-box-direction:normal;-ms-flex-direction:column;flex-direction:column;text-align:left;}.elementor-5442 .elementor-element.elementor-element-e5b2344{--ha-card-image-width:100%;}}<\/style>\t\t<div data-elementor-type=\"wp-post\" data-elementor-id=\"5442\" class=\"elementor elementor-5442\" data-elementor-settings=\"{&quot;ha_cmc_init_switcher&quot;:&quot;no&quot;}\" data-elementor-post-type=\"page\">\n\t\t\t\t\t\t<section class=\"elementor-section elementor-top-section elementor-element elementor-element-be22bb7 banner-page elementor-section-boxed elementor-section-height-default elementor-section-height-default\" data-id=\"be22bb7\" data-element_type=\"section\" data-settings=\"{&quot;background_background&quot;:&quot;classic&quot;,&quot;_ha_eqh_enable&quot;:false}\">\n\t\t\t\t\t\t\t<div class=\"elementor-background-overlay\"><\/div>\n\t\t\t\t\t\t\t<div class=\"elementor-container elementor-column-gap-default\">\n\t\t\t\t\t<div class=\"elementor-column elementor-col-100 elementor-top-column elementor-element elementor-element-7913403\" data-id=\"7913403\" data-element_type=\"column\">\n\t\t\t<div class=\"elementor-widget-wrap elementor-element-populated\">\n\t\t\t\t\t\t<div class=\"elementor-element elementor-element-a41e3ac elementor-widget elementor-widget-heading\" data-id=\"a41e3ac\" data-element_type=\"widget\" data-widget_type=\"heading.default\">\n\t\t\t\t<div class=\"elementor-widget-container\">\n\t\t\t\t\t<h1 class=\"elementor-heading-title elementor-size-default\">Estatuto, Atas e Relat\u00f3rios<\/h1>\t\t\t\t<\/div>\n\t\t\t\t<\/div>\n\t\t\t\t\t<\/div>\n\t\t<\/div>\n\t\t\t\t\t<\/div>\n\t\t<\/section>\n\t\t\t\t<section class=\"elementor-section elementor-top-section elementor-element elementor-element-0cd2823 elementor-section-boxed elementor-section-height-default elementor-section-height-default\" data-id=\"0cd2823\" data-element_type=\"section\" data-settings=\"{&quot;_ha_eqh_enable&quot;:false}\">\n\t\t\t\t\t\t<div class=\"elementor-container elementor-column-gap-default\">\n\t\t\t\t\t<div class=\"elementor-column elementor-col-100 elementor-top-column elementor-element elementor-element-f726e8f\" data-id=\"f726e8f\" data-element_type=\"column\">\n\t\t\t<div class=\"elementor-widget-wrap elementor-element-populated\">\n\t\t\t\t\t\t<div class=\"elementor-element elementor-element-3b35c67 elementor-widget elementor-widget-text-editor\" data-id=\"3b35c67\" data-element_type=\"widget\" data-widget_type=\"text-editor.default\">\n\t\t\t\t<div class=\"elementor-widget-container\">\n\t\t\t\t\t\t\t\t\t<p><span style=\"font-weight: 400;\">A SBF preza pela transpar\u00eancia e pela constru\u00e7\u00e3o participativa em todas as suas a\u00e7\u00f5es. Disponibilizamos aqui nosso Estatuto, base da SBF, nossos relat\u00f3rios e atas de reuni\u00f5es. <\/span><\/p>\t\t\t\t\t\t\t\t<\/div>\n\t\t\t\t<\/div>\n\t\t\t\t\t<\/div>\n\t\t<\/div>\n\t\t\t\t\t<\/div>\n\t\t<\/section>\n\t\t\t\t<section class=\"elementor-section elementor-top-section elementor-element elementor-element-f128c41 elementor-section-boxed elementor-section-height-default elementor-section-height-default\" data-id=\"f128c41\" data-element_type=\"section\" data-settings=\"{&quot;background_background&quot;:&quot;classic&quot;,&quot;_ha_eqh_enable&quot;:&quot;yes&quot;,&quot;_ha_eqh_widget&quot;:[&quot;ha-card&quot;],&quot;_ha_eqh_to&quot;:&quot;widget&quot;,&quot;_ha_eqh_disable_on_tablet&quot;:&quot;no&quot;,&quot;_ha_eqh_disable_on_mobile&quot;:&quot;yes&quot;}\">\n\t\t\t\t\t\t<div class=\"elementor-container elementor-column-gap-default\">\n\t\t\t\t\t<div class=\"elementor-column elementor-col-33 elementor-top-column elementor-element elementor-element-c18a819\" data-id=\"c18a819\" data-element_type=\"column\">\n\t\t\t<div class=\"elementor-widget-wrap elementor-element-populated\">\n\t\t\t\t\t\t<div data-ha-element-link=\"{&quot;url&quot;:&quot;\\\/v1\\\/sbf\\\/sobre-nos\\\/estatutos-atas-relatorios\\\/estatuto-da-sbf&quot;,&quot;is_external&quot;:&quot;&quot;,&quot;nofollow&quot;:&quot;&quot;}\" style=\"cursor: pointer\" class=\"elementor-element elementor-element-7f01979 ha-card--top ha-card--tablet-top ha-card--mobile-top elementor-widget elementor-widget-ha-card happy-addon ha-card\" data-id=\"7f01979\" data-element_type=\"widget\" data-widget_type=\"ha-card.default\">\n\t\t\t\t<div class=\"elementor-widget-container\">\n\t\t\t\t\t\n\t\t\t\t\t<figure class=\"ha-card-figure\">\n\t\t\t\t<img fetchpriority=\"high\" decoding=\"async\" width=\"750\" height=\"510\" src=\"https:\/\/www.sbfisica.org.br\/v1\/sbf\/wp-content\/uploads\/2022\/05\/books-and-glasses-2022-02-19-17-53-23-utc-750x510.jpg\" class=\"attachment-medium size-medium wp-image-10692\" alt=\"\" \/>\t\t\t\t\t\t\t<\/figure>\n\t\t\n\t\t<div class=\"ha-card-body\">\n\n\t\t\t<h2 class=\"ha-card-title\">Estatuto da SBF<\/h2>\n\t\t\t\t\t\t\t<div class=\"ha-card-text\">\n\t\t\t\t\t<p>Confira aqui o Estatuto Social da Sociedade Brasileira de F\u00edsica.\n<\/p>\n\t\t\t\t<\/div>\n\t\t\t\n\t\t\t\t\t<\/div>\n\t\t\t\t\t\t<\/div>\n\t\t\t\t<\/div>\n\t\t\t\t\t<\/div>\n\t\t<\/div>\n\t\t\t\t<div class=\"elementor-column elementor-col-33 elementor-top-column elementor-element elementor-element-95a26ba\" data-id=\"95a26ba\" data-element_type=\"column\">\n\t\t\t<div class=\"elementor-widget-wrap elementor-element-populated\">\n\t\t\t\t\t\t<div data-ha-element-link=\"{&quot;url&quot;:&quot;\\\/v1\\\/sbf\\\/sobre-nos\\\/estatutos-atas-relatorios\\\/relatorios&quot;,&quot;is_external&quot;:&quot;&quot;,&quot;nofollow&quot;:&quot;&quot;}\" style=\"cursor: pointer\" class=\"elementor-element elementor-element-92ced11 ha-card--top ha-card--tablet-top ha-card--mobile-top elementor-widget elementor-widget-ha-card happy-addon ha-card\" data-id=\"92ced11\" data-element_type=\"widget\" data-widget_type=\"ha-card.default\">\n\t\t\t\t<div class=\"elementor-widget-container\">\n\t\t\t\t\t\n\t\t\t\t\t<figure class=\"ha-card-figure\">\n\t\t\t\t<img decoding=\"async\" width=\"750\" height=\"510\" data-src=\"https:\/\/www.sbfisica.org.br\/v1\/sbf\/wp-content\/uploads\/2022\/05\/pen-and-document-2021-08-26-20-11-10-utc-750x510.jpg\" class=\"attachment-medium size-medium wp-image-10704 lazyload\" alt=\"\" src=\"data:image\/svg+xml;base64,PHN2ZyB3aWR0aD0iMSIgaGVpZ2h0PSIxIiB4bWxucz0iaHR0cDovL3d3dy53My5vcmcvMjAwMC9zdmciPjwvc3ZnPg==\" style=\"--smush-placeholder-width: 750px; --smush-placeholder-aspect-ratio: 750\/510;\" \/>\t\t\t\t\t\t\t<\/figure>\n\t\t\n\t\t<div class=\"ha-card-body\">\n\n\t\t\t<h2 class=\"ha-card-title\">Relat\u00f3rios<\/h2>\n\t\t\t\t\t\t\t<div class=\"ha-card-text\">\n\t\t\t\t\t<p>Acompanhe os relat\u00f3rios e demonstrativos das diversas \u00e1reas e Comiss\u00f5es da SBF<\/p>\n\t\t\t\t<\/div>\n\t\t\t\n\t\t\t\t\t<\/div>\n\t\t\t\t\t\t<\/div>\n\t\t\t\t<\/div>\n\t\t\t\t\t<\/div>\n\t\t<\/div>\n\t\t\t\t<div class=\"elementor-column elementor-col-33 elementor-top-column elementor-element elementor-element-1c2425b\" data-id=\"1c2425b\" data-element_type=\"column\">\n\t\t\t<div class=\"elementor-widget-wrap elementor-element-populated\">\n\t\t\t\t\t\t<div data-ha-element-link=\"{&quot;url&quot;:&quot;\\\/v1\\\/sbf\\\/sobre-nos\\\/estatutos-atas-relatorios\\\/atas-das-reunioes&quot;,&quot;is_external&quot;:&quot;&quot;,&quot;nofollow&quot;:&quot;&quot;}\" style=\"cursor: pointer\" class=\"elementor-element elementor-element-e5b2344 ha-card--top ha-card--tablet-top ha-card--mobile-top elementor-widget elementor-widget-ha-card happy-addon ha-card\" data-id=\"e5b2344\" data-element_type=\"widget\" data-widget_type=\"ha-card.default\">\n\t\t\t\t<div class=\"elementor-widget-container\">\n\t\t\t\t\t\n\t\t\t\t\t<figure class=\"ha-card-figure\">\n\t\t\t\t<img decoding=\"async\" width=\"750\" height=\"510\" data-src=\"https:\/\/www.sbfisica.org.br\/v1\/sbf\/wp-content\/uploads\/2022\/05\/modern-african-man-writing-2021-09-24-03-59-49-utc-750x510.jpg\" class=\"attachment-medium size-medium wp-image-10702 lazyload\" alt=\"\" src=\"data:image\/svg+xml;base64,PHN2ZyB3aWR0aD0iMSIgaGVpZ2h0PSIxIiB4bWxucz0iaHR0cDovL3d3dy53My5vcmcvMjAwMC9zdmciPjwvc3ZnPg==\" style=\"--smush-placeholder-width: 750px; --smush-placeholder-aspect-ratio: 750\/510;\" \/>\t\t\t\t\t\t\t<\/figure>\n\t\t\n\t\t<div class=\"ha-card-body\">\n\n\t\t\t<h2 class=\"ha-card-title\">Atas e Resolu\u00e7\u00f5es<\/h2>\n\t\t\t\t\t\t\t<div class=\"ha-card-text\">\n\t\t\t\t\t<p>Registro oficial das reuni\u00f5es promovidas pela SBF<\/p>\n\t\t\t\t<\/div>\n\t\t\t\n\t\t\t\t\t<\/div>\n\t\t\t\t\t\t<\/div>\n\t\t\t\t<\/div>\n\t\t\t\t\t<\/div>\n\t\t<\/div>\n\t\t\t\t\t<\/div>\n\t\t<\/section>\n\t\t\t\t<\/div>\n\t\t","protected":false},"excerpt":{"rendered":"<p>Estatuto, Atas e Relat\u00f3rios A SBF preza pela transpar\u00eancia e pela constru\u00e7\u00e3o participativa em todas as suas a\u00e7\u00f5es. Disponibilizamos aqui nosso Estatuto, base da SBF, nossos relat\u00f3rios e atas de reuni\u00f5es. Estatuto da SBF Confira aqui o Estatuto Social da Sociedade Brasileira de F\u00edsica. Relat\u00f3rios Acompanhe os relat\u00f3rios e demonstrativos das diversas \u00e1reas e Comiss\u00f5es [&hellip;]<\/p>\n","protected":false},"author":7,"featured_media":16567,"parent":7249,"menu_order":0,"comment_status":"closed","ping_status":"closed","template":"elementor_header_footer","meta":{"footnotes":""},"class_list":["post-5442","page","type-page","status-publish","has-post-thumbnail","hentry"],"aioseo_notices":[],"_links":{"self":[{"href":"https:\/\/www.sbfisica.org.br\/v1\/sbf\/wp-json\/wp\/v2\/pages\/5442","targetHints":{"allow":["GET"]}}],"collection":[{"href":"https:\/\/www.sbfisica.org.br\/v1\/sbf\/wp-json\/wp\/v2\/pages"}],"about":[{"href":"https:\/\/www.sbfisica.org.br\/v1\/sbf\/wp-json\/wp\/v2\/types\/page"}],"author":[{"embeddable":true,"href":"https:\/\/www.sbfisica.org.br\/v1\/sbf\/wp-json\/wp\/v2\/users\/7"}],"replies":[{"embeddable":true,"href":"https:\/\/www.sbfisica.org.br\/v1\/sbf\/wp-json\/wp\/v2\/comments?post=5442"}],"version-history":[{"count":143,"href":"https:\/\/www.sbfisica.org.br\/v1\/sbf\/wp-json\/wp\/v2\/pages\/5442\/revisions"}],"predecessor-version":[{"id":23419,"href":"https:\/\/www.sbfisica.org.br\/v1\/sbf\/wp-json\/wp\/v2\/pages\/5442\/revisions\/23419"}],"up":[{"embeddable":true,"href":"https:\/\/www.sbfisica.org.br\/v1\/sbf\/wp-json\/wp\/v2\/pages\/7249"}],"wp:featuredmedia":[{"embeddable":true,"href":"https:\/\/www.sbfisica.org.br\/v1\/sbf\/wp-json\/wp\/v2\/media\/16567"}],"wp:attachment":[{"href":"https:\/\/www.sbfisica.org.br\/v1\/sbf\/wp-json\/wp\/v2\/media?parent=5442"}],"curies":[{"name":"wp","href":"https:\/\/api.w.org\/{rel}","templated":true}]}}