{"id":3586,"date":"2017-10-27T10:52:30","date_gmt":"2017-10-27T12:52:30","guid":{"rendered":"https:\/\/sbfisica.org.br\/v1\/sbf\/2017\/10\/27\/pef-pesquisa-em-ensino-de-fisica-2\/"},"modified":"2025-07-01T13:03:57","modified_gmt":"2025-07-01T16:03:57","slug":"pef-pesquisa-em-ensino-de-fisica","status":"publish","type":"page","link":"https:\/\/www.sbfisica.org.br\/v1\/sbf\/comissoes\/comissoes-de-area\/pef-pesquisa-em-ensino-de-fisica\/","title":{"rendered":"PEF: Pesquisa em Ensino de F\u00edsica"},"content":{"rendered":"<style>.elementor-3586 .elementor-element.elementor-element-80c3ba6:not(.elementor-motion-effects-element-type-background), .elementor-3586 .elementor-element.elementor-element-80c3ba6 > .elementor-motion-effects-container > .elementor-motion-effects-layer{background-color:#FAF9F6;background-image:url(\"https:\/\/www.sbfisica.org.br\/v1\/sbf\/wp-content\/uploads\/2022\/05\/eletronic-experiment-observation-physics-study-con-2021-08-26-23-57-43-utc-1-scaled.jpg\");background-position:bottom right;background-repeat:no-repeat;background-size:cover;}.elementor-3586 .elementor-element.elementor-element-80c3ba6 > .elementor-background-overlay{background-color:transparent;background-image:linear-gradient(40deg, var( --e-global-color-secondary ) 50%, #FFFFFF00 70%);opacity:0.8;transition:background 0.3s, border-radius 0.3s, opacity 0.3s;}.elementor-3586 .elementor-element.elementor-element-80c3ba6{transition:background 0.3s, border 0.3s, border-radius 0.3s, box-shadow 0.3s;margin-top:0%;margin-bottom:3%;padding:120px 0px 120px 0px;}.elementor-widget-heading .elementor-heading-title{font-family:var( --e-global-typography-primary-font-family ), raleway;font-weight:var( --e-global-typography-primary-font-weight );color:var( --e-global-color-primary );}.elementor-3586 .elementor-element.elementor-element-d57691c{text-align:start;}.elementor-3586 .elementor-element.elementor-element-d57691c .elementor-heading-title{font-family:\"Kanit\", raleway;font-size:50px;font-weight:600;color:#FFFFFF;}.elementor-3586 .elementor-element.elementor-element-40e6448 .elementor-heading-title{color:var( --e-global-color-secondary );}.elementor-widget-text-editor{font-family:var( --e-global-typography-text-font-family ), raleway;font-weight:var( --e-global-typography-text-font-weight );color:var( --e-global-color-text );}.elementor-widget-text-editor.elementor-drop-cap-view-stacked .elementor-drop-cap{background-color:var( --e-global-color-primary );}.elementor-widget-text-editor.elementor-drop-cap-view-framed .elementor-drop-cap, .elementor-widget-text-editor.elementor-drop-cap-view-default .elementor-drop-cap{color:var( --e-global-color-primary );border-color:var( --e-global-color-primary );}@media(max-width:1024px){.elementor-3586 .elementor-element.elementor-element-d57691c .elementor-heading-title{font-size:40px;}}@media(min-width:1025px){.elementor-3586 .elementor-element.elementor-element-80c3ba6:not(.elementor-motion-effects-element-type-background), .elementor-3586 .elementor-element.elementor-element-80c3ba6 > .elementor-motion-effects-container > .elementor-motion-effects-layer{background-attachment:scroll;}}@media(max-width:767px){.elementor-3586 .elementor-element.elementor-element-80c3ba6{padding:50px 0px 50px 0px;}.elementor-3586 .elementor-element.elementor-element-d57691c .elementor-heading-title{font-size:25px;}}<\/style>\t\t<div data-elementor-type=\"wp-page\" data-elementor-id=\"3586\" class=\"elementor elementor-3586\" data-elementor-settings=\"{&quot;ha_cmc_init_switcher&quot;:&quot;no&quot;}\" data-elementor-post-type=\"page\">\n\t\t\t\t\t\t<section class=\"elementor-section elementor-top-section elementor-element elementor-element-80c3ba6 banner-page elementor-section-boxed elementor-section-height-default elementor-section-height-default\" data-id=\"80c3ba6\" data-element_type=\"section\" data-settings=\"{&quot;background_background&quot;:&quot;classic&quot;,&quot;_ha_eqh_enable&quot;:false}\">\n\t\t\t\t\t\t\t<div class=\"elementor-background-overlay\"><\/div>\n\t\t\t\t\t\t\t<div class=\"elementor-container elementor-column-gap-default\">\n\t\t\t\t\t<div class=\"elementor-column elementor-col-100 elementor-top-column elementor-element elementor-element-200ea91\" data-id=\"200ea91\" data-element_type=\"column\">\n\t\t\t<div class=\"elementor-widget-wrap elementor-element-populated\">\n\t\t\t\t\t\t<div class=\"elementor-element elementor-element-d57691c elementor-widget elementor-widget-heading\" data-id=\"d57691c\" data-element_type=\"widget\" data-widget_type=\"heading.default\">\n\t\t\t\t<div class=\"elementor-widget-container\">\n\t\t\t\t\t<h1 class=\"elementor-heading-title elementor-size-default\">PEF: Pesquisa em Ensino de F\u00edsica<\/h1>\t\t\t\t<\/div>\n\t\t\t\t<\/div>\n\t\t\t\t\t<\/div>\n\t\t<\/div>\n\t\t\t\t\t<\/div>\n\t\t<\/section>\n\t\t\t\t<section class=\"elementor-section elementor-top-section elementor-element elementor-element-28263830 elementor-section-boxed elementor-section-height-default elementor-section-height-default\" data-id=\"28263830\" data-element_type=\"section\" data-settings=\"{&quot;_ha_eqh_enable&quot;:false}\">\n\t\t\t\t\t\t<div class=\"elementor-container elementor-column-gap-default\">\n\t\t\t\t\t<div class=\"elementor-column elementor-col-100 elementor-top-column elementor-element elementor-element-5d482138\" data-id=\"5d482138\" data-element_type=\"column\">\n\t\t\t<div class=\"elementor-widget-wrap elementor-element-populated\">\n\t\t\t\t\t\t<div class=\"elementor-element elementor-element-40e6448 elementor-widget elementor-widget-heading\" data-id=\"40e6448\" data-element_type=\"widget\" data-widget_type=\"heading.default\">\n\t\t\t\t<div class=\"elementor-widget-container\">\n\t\t\t\t\t<h2 class=\"elementor-heading-title elementor-size-default\">Composi\u00e7\u00e3o:<\/h2>\t\t\t\t<\/div>\n\t\t\t\t<\/div>\n\t\t\t\t<div class=\"elementor-element elementor-element-1e7d0ffa elementor-widget elementor-widget-text-editor\" data-id=\"1e7d0ffa\" data-element_type=\"widget\" data-widget_type=\"text-editor.default\">\n\t\t\t\t<div class=\"elementor-widget-container\">\n\t\t\t\t\t\t\t\t\t<p>Jo\u00e3o Eduardo Ramos<br>Juliano Camillo<br>Glauco dos Santos F. da Silva<br>Gustavo Isaac Killner<br>Monica Abrantes Galindo<\/p>\n<ul>\n<li><a href=\"\/v1\/sbf\/wp-content\/uploads\/2022\/05\/regPEF.pdf\" target=\"_blank\" rel=\"noopener\">Regimento PEF<\/a>&nbsp;(PDF)<\/li>\n<li><a href=\"\/v1\/sbf\/wp-content\/uploads\/2022\/05\/Ata_Reuniao_CAPEF_no_XV_EPEF_29-10-2014.pdf\" target=\"_blank\" rel=\"noopener noreferrer\">Ata da Reuni\u00e3o da Comiss\u00e3o no XV EPEF (29\/10\/2014)<\/a><a href=\"\/v1\/sbf\/wp-content\/uploads\/2022\/05\/relatorio1.pdf\" target=\"_blank\" rel=\"noopener noreferrer\">Relat\u00f3rio da Primeira Reuni\u00e3o da Comiss\u00e3o (16\/09\/2010)<\/a>&nbsp;(PDF)<\/li>\n<li><a href=\"\/v1\/sbf\/wp-content\/uploads\/2022\/05\/Documento-da-Comissao-Pesquisa-em-Ensino-de-Fisica.pdf\" target=\"_blank\" rel=\"noopener noreferrer\">Documento da Comiss\u00e3o Pesquisa em Ensino de F\u00edsica&nbsp;<\/a>(PDF)<\/li>\n<li><a href=\"https:\/\/iupap.org\/commissions\/physics-education\/newsletter\/\" target=\"_blank\" rel=\"noopener\">Newsletters da Comiss\u00e3o de Ensino da IUPAP<\/a><\/li>\n<\/ul>\n<p><a href=\"\/v1\/sbf\/wp-content\/uploads\/2022\/08\/Relatorio-2021-CAPEF.pdf\" target=\"_blank\" rel=\"noopener\">Relat\u00f3rio 2021<\/a>&nbsp;&#8211; <a href=\"\/v1\/sbf\/wp-content\/uploads\/2022\/08\/Capef-SBF-2021.pdf\" target=\"_blank\" rel=\"noopener\">Slide<\/a><br><a href=\"\/v1\/sbf\/wp-content\/uploads\/2022\/08\/Relatorio-2020-CAPEF.pdf\" target=\"_blank\" rel=\"noopener\">Relat\u00f3rio 2020<\/a> &#8211; <a href=\"\/v1\/sbf\/wp-content\/uploads\/2022\/08\/Capef-SBF-2020.pdf\" target=\"_blank\" rel=\"noopener\">Slide<\/a><br><a href=\"\/v1\/sbf\/wp-content\/uploads\/2022\/08\/Relatorio-2018-CAPEF.pdf\" target=\"_blank\" rel=\"noopener\">Relat\u00f3rio 2018<\/a><\/p>\t\t\t\t\t\t\t\t<\/div>\n\t\t\t\t<\/div>\n\t\t\t\t\t<\/div>\n\t\t<\/div>\n\t\t\t\t\t<\/div>\n\t\t<\/section>\n\t\t\t\t<\/div>\n\t\t","protected":false},"excerpt":{"rendered":"<p>PEF: Pesquisa em Ensino de F\u00edsica Composi\u00e7\u00e3o: Jo\u00e3o Eduardo RamosJuliano CamilloGlauco dos Santos F. da SilvaGustavo Isaac KillnerMonica Abrantes Galindo Regimento PEF&nbsp;(PDF) Ata da Reuni\u00e3o da Comiss\u00e3o no XV EPEF (29\/10\/2014)Relat\u00f3rio da Primeira Reuni\u00e3o da Comiss\u00e3o (16\/09\/2010)&nbsp;(PDF) Documento da Comiss\u00e3o Pesquisa em Ensino de F\u00edsica&nbsp;(PDF) Newsletters da Comiss\u00e3o de Ensino da IUPAP Relat\u00f3rio 2021&nbsp;&#8211; SlideRelat\u00f3rio [&hellip;]<\/p>\n","protected":false},"author":4,"featured_media":16567,"parent":8578,"menu_order":10,"comment_status":"open","ping_status":"closed","template":"elementor_header_footer","meta":{"footnotes":""},"class_list":["post-3586","page","type-page","status-publish","has-post-thumbnail","hentry"],"aioseo_notices":[],"_links":{"self":[{"href":"https:\/\/www.sbfisica.org.br\/v1\/sbf\/wp-json\/wp\/v2\/pages\/3586","targetHints":{"allow":["GET"]}}],"collection":[{"href":"https:\/\/www.sbfisica.org.br\/v1\/sbf\/wp-json\/wp\/v2\/pages"}],"about":[{"href":"https:\/\/www.sbfisica.org.br\/v1\/sbf\/wp-json\/wp\/v2\/types\/page"}],"author":[{"embeddable":true,"href":"https:\/\/www.sbfisica.org.br\/v1\/sbf\/wp-json\/wp\/v2\/users\/4"}],"replies":[{"embeddable":true,"href":"https:\/\/www.sbfisica.org.br\/v1\/sbf\/wp-json\/wp\/v2\/comments?post=3586"}],"version-history":[{"count":52,"href":"https:\/\/www.sbfisica.org.br\/v1\/sbf\/wp-json\/wp\/v2\/pages\/3586\/revisions"}],"predecessor-version":[{"id":27741,"href":"https:\/\/www.sbfisica.org.br\/v1\/sbf\/wp-json\/wp\/v2\/pages\/3586\/revisions\/27741"}],"up":[{"embeddable":true,"href":"https:\/\/www.sbfisica.org.br\/v1\/sbf\/wp-json\/wp\/v2\/pages\/8578"}],"wp:featuredmedia":[{"embeddable":true,"href":"https:\/\/www.sbfisica.org.br\/v1\/sbf\/wp-json\/wp\/v2\/media\/16567"}],"wp:attachment":[{"href":"https:\/\/www.sbfisica.org.br\/v1\/sbf\/wp-json\/wp\/v2\/media?parent=3586"}],"curies":[{"name":"wp","href":"https:\/\/api.w.org\/{rel}","templated":true}]}}