{"id":3565,"date":"2017-10-25T15:37:16","date_gmt":"2017-10-25T17:37:16","guid":{"rendered":"https:\/\/sbfisica.org.br\/v1\/sbf\/2017\/10\/25\/diretrizes-eticas\/"},"modified":"2022-05-27T16:10:11","modified_gmt":"2022-05-27T19:10:11","slug":"diretrizes-eticas","status":"publish","type":"page","link":"https:\/\/www.sbfisica.org.br\/v1\/sbf\/sobre-nos\/diretrizes-eticas\/","title":{"rendered":"Diretrizes \u00c9ticas"},"content":{"rendered":"<style>.elementor-3565 .elementor-element.elementor-element-0ccaf2c:not(.elementor-motion-effects-element-type-background), .elementor-3565 .elementor-element.elementor-element-0ccaf2c > .elementor-motion-effects-container > .elementor-motion-effects-layer{background-color:#FAF9F6;background-image:url(\"https:\/\/www.sbfisica.org.br\/v1\/sbf\/wp-content\/uploads\/2022\/05\/molecular-structure-abstract-science-background-3d-illustration.jpg\");background-position:center center;background-repeat:no-repeat;background-size:cover;}.elementor-3565 .elementor-element.elementor-element-0ccaf2c > .elementor-background-overlay{background-color:transparent;background-image:linear-gradient(40deg, #063267 50%, #FFFFFF00 70%);opacity:0.9;transition:background 0.3s, border-radius 0.3s, opacity 0.3s;}.elementor-3565 .elementor-element.elementor-element-0ccaf2c .elementor-background-overlay{filter:brightness( 100% ) contrast( 100% ) saturate( 100% ) blur( 0px ) hue-rotate( 0deg );}.elementor-3565 .elementor-element.elementor-element-0ccaf2c{transition:background 0.3s, border 0.3s, border-radius 0.3s, box-shadow 0.3s;margin-top:0%;margin-bottom:3%;padding:120px 0px 120px 0px;}.elementor-widget-heading .elementor-heading-title{font-family:var( --e-global-typography-primary-font-family ), raleway;font-weight:var( --e-global-typography-primary-font-weight );color:var( --e-global-color-primary );}.elementor-3565 .elementor-element.elementor-element-0d49148{text-align:start;}.elementor-3565 .elementor-element.elementor-element-0d49148 .elementor-heading-title{font-family:\"Kanit\", raleway;font-size:50px;font-weight:600;color:#FFFFFF;}.elementor-3565 .elementor-element.elementor-element-62565cdd{padding:60px 60px 60px 60px;}.elementor-widget-text-editor{font-family:var( --e-global-typography-text-font-family ), raleway;font-weight:var( --e-global-typography-text-font-weight );color:var( --e-global-color-text );}.elementor-widget-text-editor.elementor-drop-cap-view-stacked .elementor-drop-cap{background-color:var( --e-global-color-primary );}.elementor-widget-text-editor.elementor-drop-cap-view-framed .elementor-drop-cap, .elementor-widget-text-editor.elementor-drop-cap-view-default .elementor-drop-cap{color:var( --e-global-color-primary );border-color:var( --e-global-color-primary );}.elementor-3565 .elementor-element.elementor-element-25f72c60{text-align:justify;}@media(max-width:1024px){.elementor-3565 .elementor-element.elementor-element-0d49148 .elementor-heading-title{font-size:40px;}}@media(min-width:1025px){.elementor-3565 .elementor-element.elementor-element-0ccaf2c:not(.elementor-motion-effects-element-type-background), .elementor-3565 .elementor-element.elementor-element-0ccaf2c > .elementor-motion-effects-container > .elementor-motion-effects-layer{background-attachment:scroll;}}@media(max-width:767px){.elementor-3565 .elementor-element.elementor-element-0ccaf2c{padding:50px 0px 50px 0px;}.elementor-3565 .elementor-element.elementor-element-0d49148 .elementor-heading-title{font-size:25px;}}<\/style>\t\t<div data-elementor-type=\"wp-page\" data-elementor-id=\"3565\" class=\"elementor elementor-3565\" data-elementor-settings=\"{&quot;ha_cmc_init_switcher&quot;:&quot;no&quot;}\" data-elementor-post-type=\"page\">\n\t\t\t\t\t\t<section class=\"elementor-section elementor-top-section elementor-element elementor-element-0ccaf2c banner-page elementor-section-boxed elementor-section-height-default elementor-section-height-default\" data-id=\"0ccaf2c\" data-element_type=\"section\" data-settings=\"{&quot;background_background&quot;:&quot;classic&quot;,&quot;_ha_eqh_enable&quot;:false}\">\n\t\t\t\t\t\t\t<div class=\"elementor-background-overlay\"><\/div>\n\t\t\t\t\t\t\t<div class=\"elementor-container elementor-column-gap-default\">\n\t\t\t\t\t<div class=\"elementor-column elementor-col-100 elementor-top-column elementor-element elementor-element-ad356d5\" data-id=\"ad356d5\" data-element_type=\"column\">\n\t\t\t<div class=\"elementor-widget-wrap elementor-element-populated\">\n\t\t\t\t\t\t<div class=\"elementor-element elementor-element-0d49148 elementor-widget elementor-widget-heading\" data-id=\"0d49148\" data-element_type=\"widget\" data-widget_type=\"heading.default\">\n\t\t\t\t<div class=\"elementor-widget-container\">\n\t\t\t\t\t<h1 class=\"elementor-heading-title elementor-size-default\">Diretrizes \u00c9ticas<\/h1>\t\t\t\t<\/div>\n\t\t\t\t<\/div>\n\t\t\t\t\t<\/div>\n\t\t<\/div>\n\t\t\t\t\t<\/div>\n\t\t<\/section>\n\t\t\t\t<section class=\"elementor-section elementor-top-section elementor-element elementor-element-62565cdd elementor-section-boxed elementor-section-height-default elementor-section-height-default\" data-id=\"62565cdd\" data-element_type=\"section\" data-settings=\"{&quot;_ha_eqh_enable&quot;:false}\">\n\t\t\t\t\t\t<div class=\"elementor-container elementor-column-gap-default\">\n\t\t\t\t\t<div class=\"elementor-column elementor-col-100 elementor-top-column elementor-element elementor-element-1a668472\" data-id=\"1a668472\" data-element_type=\"column\">\n\t\t\t<div class=\"elementor-widget-wrap elementor-element-populated\">\n\t\t\t\t\t\t<div class=\"elementor-element elementor-element-25f72c60 elementor-widget elementor-widget-text-editor\" data-id=\"25f72c60\" data-element_type=\"widget\" data-widget_type=\"text-editor.default\">\n\t\t\t\t<div class=\"elementor-widget-container\">\n\t\t\t\t\t\t\t\t\t<h2>INTRODU\u00c7\u00c3O<\/h2><p><span style=\"font-family: arial, helvetica, sans-serif;\">As regras de comportamento profissional dos membros da comunidade de f\u00edsica do Brasil devem ser fundamentadas no princ\u00edpio de honestidade pessoal e profissional. A comunidade de f\u00edsica do Brasil insere-se na comunidade de f\u00edsica mundial, e \u00e9 natural que regras de comportamento profissional de diferentes na\u00e7\u00f5es sejam semelhantes. As normas a seguir apresentadas baseiam-se principalmente nos documentos\u00a0<em>American<\/em><em> Physical Society Ethics and Values Statements<\/em>,\u00a0<em>Normas de \u00c9tica de la Asociaci\u00f3n F\u00edsica Argentina<\/em>,\u00a0<em>Towards<\/em><em> a Universal Ethical Oath for Scientists<\/em> (UNESCO, 2003) e\u00a0<em>Guidelines<\/em><em> for Research Ethics in Science and Technology<\/em>\u00a0(NENT, Noruega, 2005).<\/span><\/p><p><span style=\"font-family: arial, helvetica, sans-serif;\">Como em qualquer outra atividade, a honestidade pessoal \u00e9 essencial ao trabalho do f\u00edsico e nas rela\u00e7\u00f5es dele com outros f\u00edsicos e com a sociedade.\u00a0\u00a0\u00a0presen\u00e7a\u00a0manifesta ou encoberta\u00a0 de pessoas desonestas, em qualquer etapa do trabalho cient\u00edfico, compromete a atividade em sua totalidade e deve ser repudiada pelas sociedades cient\u00edficas e por seus membros. No entanto, \u00e9 necess\u00e1rio reconhecer que um erro n\u00e3o intencional pode sempre ocorrer\u00a0em um trabalho cient\u00edfico. N\u00e3o \u00e9 anti\u00e9tico estar errado, desde que os erros sejam prontamente reconhecidos como tais e corrigidos, quando apontados.<\/span><\/p><p><span style=\"font-family: arial, helvetica, sans-serif;\">A seguir s\u00e3o apresentadas normas de conduta recomendadas ao f\u00edsico e ao t\u00e9cnico do laborat\u00f3rio de f\u00edsica, em seu trabalho\u00a0profissional.<\/span><\/p><h2>ERROS PROPOSITAIS E PL\u00c1GIO<\/h2><p><span style=\"font-family: arial, helvetica, sans-serif;\">Entre as faltas mais graves que um f\u00edsico pode cometer em um artigo cient\u00edfico est\u00e3o\u00a0a\u00a0introdu\u00e7\u00e3o de resultados falsos e o pl\u00e1gio. Resultados falsos s\u00e3o aqueles introduzidos, pela elabora\u00e7\u00e3o fict\u00edcia de dados, ou a omiss\u00e3o consciente de dados existentes,\u00a0com a finalidade de comprovar ou reprovar teorias e\/ou experi\u00eancias. O pl\u00e1gio, na forma mais f\u00e1cil de ser descoberta, consiste na publica\u00e7\u00e3o, sob o nome do f\u00edsico plagi\u00e1rio, de trabalho,\u00a0ou partes de trabalho publicado anteriormente por outro. O pl\u00e1gio pode tamb\u00e9m apresentar-se sob a forma de explora\u00e7\u00e3o de uma id\u00e9ia que lhe tenha sido revelada, sem apontar a fonte. Muitas id\u00e9ias s\u00e3o descobertas simultaneamente e n\u00e3o se trata ent\u00e3o de pl\u00e1gio, mas \u00e9 recomend\u00e1vel que um dos autores reconhe\u00e7a prontamente a prioridade do outro quando lhe for apontado ser esse o caso. O reconhecimento dos resultados de pesquisas de outros, utilizados no artigo publicado \u00e9 sempre necess\u00e1rio.<\/span><\/p><h2>CLAREZA NA EXPOSI\u00c7\u00c3O DOS FUNDAMENTOS TE\u00d3RICOS E EXPERIMENTAIS.<\/h2><p><span style=\"font-family: arial, helvetica, sans-serif;\">Os fundamentos te\u00f3ricos e experimentais, assim como os m\u00e9todos e t\u00e9cnicas usadas em um trabalho publicado devem ser\u00a0expostos com clareza para permitir sua repeti\u00e7\u00e3o por outros cientistas ou revisores. Algumas exce\u00e7\u00f5es\u00a0s\u00e3o admitidas no caso de ser necess\u00e1rio preservar a privacidade para prote\u00e7\u00e3o\u00a0 de patente ou raz\u00f5es semelhantes. Os\u00a0m\u00e9todos, t\u00e9cnicas e tabelas de dados e de resultados devem ser mantidos dispon\u00edveis, por um tempo razo\u00e1vel, de maneira a permitir verifica\u00e7\u00e3o por outros cientistas e revisores. De outra parte, \u00e9 recomend\u00e1vel evitar a multiplica\u00e7\u00e3o de publica\u00e7\u00f5es que n\u00e3o acrescentem conhecimento. Os autores de artigos devem estar cientes de que n\u00e3o \u00e9 \u00e9tico publicar resultados\u00a0cient\u00edfcos\u00a0praticamente id\u00eanticos em\u00a0revistas diferentes.<\/span><\/p><h2>AUTORIA DE ARTIGOS<\/h2><p><span style=\"font-family: arial, helvetica, sans-serif;\">A todos que tenham feito uma contribui\u00e7\u00e3o significativa \u00e0 concep\u00e7\u00e3o, projeto, execu\u00e7\u00e3o e interpreta\u00e7\u00e3o da pesquisa, deve ser dada a oportunidade de constar como\u00a0autores. A autoria deve ser limitada a esses; nenhum outro nome deve ser inclu\u00eddo entre os autores com a finalidade de enriquecer curr\u00edculos. Outras pessoas, pesquisadores ou t\u00e9cnicos, que de alguma forma contribu\u00edram para o trabalho, devem constar de uma lista de agradecimentos. O chefe de laborat\u00f3rio, ou diretor de institui\u00e7\u00e3o, que n\u00e3o tenha contribu\u00eddo diretamente nas fases de concep\u00e7\u00e3o, execu\u00e7\u00e3o e interpreta\u00e7\u00e3o do trabalho, n\u00e3o deve exigir, ou mesmo sugerir, que seu nome apare\u00e7a entre os autores de\u00a0umapesquisa feita em seu laborat\u00f3rio ou instituto. As fontes de financiamento n\u00e3o devem ser escondidas e devem ser sempre citadas claramente.<\/span><\/p><h2><span style=\"font-family: arial, helvetica, sans-serif;\">RESPONSABILIDADE SOBRE OS ARTIGOS<\/span><\/h2><p><span style=\"font-family: arial, helvetica, sans-serif;\">Deve ser dada oportunidade a\u00a0todos\u00a0co-autores de rever o artigo completo,\u00a0 antes de sua submiss\u00e3o para publica\u00e7\u00e3o.\u00a0 Enquanto um, ou alguns autores, devem ser respons\u00e1veis pelo artigo completo, colaboradores, que fizeram contribui\u00e7\u00f5es limitadas e espec\u00edficas, assumem responsabilidade apenas por essas contribui\u00e7\u00f5es. No entanto, todos devem assumir responsabilidade por suas contribui\u00e7\u00f5es e aceitar fazer as corre\u00e7\u00f5es devidas, no caso em que sejam apontadas falhas no artigo.<\/span><\/p><h2><span style=\"font-family: arial, helvetica, sans-serif;\">JULGAMENTO POR PARES<\/span><\/h2><p><span style=\"font-family: arial, helvetica, sans-serif;\">O julgamento por pares \u00e9 um processo essencial \u00e0s atividades cient\u00edfica e acad\u00eamica e requer, por isso, que seja feito de forma criteriosa e com honestidade intelectual. Nas revis\u00f5es, por precau\u00e7\u00e3o, para evitar conflito de interesses, o revisor deve evitar artigo que trate de tema coincidente com trabalho seu em andamento, e cujo conhecimento possa benefici\u00e1-lo; sobretudo n\u00e3o deve atrasar uma revis\u00e3o para publicar seus resultados antes do artigo revisto. Ao participar de bancas de julgamento para posi\u00e7\u00f5es acad\u00eamicas, ou p\u00fablicas em geral, bem como de comit\u00eas avaliadores de seus pares e\/ou de projetos de pesquisa, o f\u00edsico n\u00e3o deve beneficiar candidatos ou projetos de seu pr\u00f3prio grupo de pesquisa ou departamento, ou parente pr\u00f3ximo, em preju\u00edzo de outro candidato ou projeto de pesquisa melhor. Da mesma forma, deve ser evitada a pr\u00e1tica do lobby em benef\u00edcio de candidatos nas mesmas condi\u00e7\u00f5es anteriores. Essa atitude, al\u00e9m de ser exig\u00eancia \u00e9tica, \u00e9 essencial ao progresso das ci\u00eancias no pa\u00eds.<\/span><\/p><h2><span style=\"font-family: arial, helvetica, sans-serif;\">CONFLITOS DE INTERESSES<\/span><\/h2><p><span style=\"font-family: arial, helvetica, sans-serif;\">Muitas atividades cient\u00edficas t\u00eam se revelado fontes potenciais de conflitos de interesse. Qualquer rela\u00e7\u00e3o profissional com empresas ou pessoas que possa resultar em conflito de interesses com atividade em fun\u00e7\u00e3o p\u00fablica deve ser exposta claramente e examinada desse ponto de vista.\u00a0 Se o exame da situa\u00e7\u00e3o mostra um conflito, a rela\u00e7\u00e3o dever\u00e1 ser interrompida, ou, de alguma forma, anulado o conflito.<\/span><\/p><h2><span style=\"font-family: arial, helvetica, sans-serif;\">DEFESA DA SOCIEDADE E DO MEIO AMBIENTE<\/span><\/h2><p><span style=\"font-family: arial, helvetica, sans-serif;\">\u00c9 fato reconhecido que a aplica\u00e7\u00e3o da f\u00edsica tem impacto not\u00e1vel sobre o ambiente, sobre a vida na Terra e sobre a sociedade humana. O f\u00edsico deve envidar esfor\u00e7os para que seu trabalho resulte em menor desigualdade social, maior estabilidade ambiental, e seguran\u00e7a para a vida humana. A pesquisa deve criar seguran\u00e7a m\u00fatua para indiv\u00edduos, grupos e na\u00e7\u00f5es e n\u00e3o deve violar conven\u00e7\u00f5es internacionais destinadas a assegurar a paz. A falta de conhecimento cient\u00edfico sobre as poss\u00edveisconsequ\u00eancias da pesquisa n\u00e3o deve ser utilizada como justificativa para atividade que possa ter consequ\u00eancias graves para o meio-ambiente ou para a humanidade: \u00e9 dever \u00e9tico do f\u00edsico analisar no melhor de suas possibilidades os riscos envolvidos. Atividades que coloquem em risco o ser humano e possivelmente a vida na Terra devem ser por ele evitadas; se atividades desse teor vierem a ser por ele conhecidas, devem, se poss\u00edvel, ser denunciadas publicamente.<\/span><\/p><h2><span style=\"font-family: arial, helvetica, sans-serif;\">ENSINO E DIVULGA\u00c7\u00c3O DE CI\u00caNCIA<\/span><\/h2><p><span style=\"font-family: arial, helvetica, sans-serif;\">O conhecimento cient\u00edfico n\u00e3o deve ser privil\u00e9gio de alguns, e \u00e9 importante para a sociedade, e em particular para o Brasil, que tenha divulga\u00e7\u00e3o honesta, clara e ampla. \u00c9 obriga\u00e7\u00e3o\u00a0do f\u00edsico contribuirpara tal, promovendo e fomentando a difus\u00e3o da ci\u00eancia. \u00c9 ainda obriga\u00e7\u00e3o do f\u00edsico, como educador,transmitir a seus alunos um ensino competente e honesto, baseado nos valores \u00e9ticos incorporados nestas normas de conduta. Deve ser incentivada nos seus alunos uma atitude positiva de reflex\u00e3o sobre os problemas \u00e9ticos que podem advir de seu trabalho profissional.<\/span><\/p>\t\t\t\t\t\t\t\t<\/div>\n\t\t\t\t<\/div>\n\t\t\t\t\t<\/div>\n\t\t<\/div>\n\t\t\t\t\t<\/div>\n\t\t<\/section>\n\t\t\t\t<\/div>\n\t\t","protected":false},"excerpt":{"rendered":"<p>Diretrizes \u00c9ticas INTRODU\u00c7\u00c3O As regras de comportamento profissional dos membros da comunidade de f\u00edsica do Brasil devem ser fundamentadas no princ\u00edpio de honestidade pessoal e profissional. A comunidade de f\u00edsica do Brasil insere-se na comunidade de f\u00edsica mundial, e \u00e9 natural que regras de comportamento profissional de diferentes na\u00e7\u00f5es sejam semelhantes. As normas a seguir [&hellip;]<\/p>\n","protected":false},"author":4,"featured_media":16567,"parent":7249,"menu_order":20,"comment_status":"open","ping_status":"closed","template":"elementor_header_footer","meta":{"footnotes":""},"class_list":["post-3565","page","type-page","status-publish","has-post-thumbnail","hentry"],"aioseo_notices":[],"_links":{"self":[{"href":"https:\/\/www.sbfisica.org.br\/v1\/sbf\/wp-json\/wp\/v2\/pages\/3565","targetHints":{"allow":["GET"]}}],"collection":[{"href":"https:\/\/www.sbfisica.org.br\/v1\/sbf\/wp-json\/wp\/v2\/pages"}],"about":[{"href":"https:\/\/www.sbfisica.org.br\/v1\/sbf\/wp-json\/wp\/v2\/types\/page"}],"author":[{"embeddable":true,"href":"https:\/\/www.sbfisica.org.br\/v1\/sbf\/wp-json\/wp\/v2\/users\/4"}],"replies":[{"embeddable":true,"href":"https:\/\/www.sbfisica.org.br\/v1\/sbf\/wp-json\/wp\/v2\/comments?post=3565"}],"version-history":[{"count":20,"href":"https:\/\/www.sbfisica.org.br\/v1\/sbf\/wp-json\/wp\/v2\/pages\/3565\/revisions"}],"predecessor-version":[{"id":14221,"href":"https:\/\/www.sbfisica.org.br\/v1\/sbf\/wp-json\/wp\/v2\/pages\/3565\/revisions\/14221"}],"up":[{"embeddable":true,"href":"https:\/\/www.sbfisica.org.br\/v1\/sbf\/wp-json\/wp\/v2\/pages\/7249"}],"wp:featuredmedia":[{"embeddable":true,"href":"https:\/\/www.sbfisica.org.br\/v1\/sbf\/wp-json\/wp\/v2\/media\/16567"}],"wp:attachment":[{"href":"https:\/\/www.sbfisica.org.br\/v1\/sbf\/wp-json\/wp\/v2\/media?parent=3565"}],"curies":[{"name":"wp","href":"https:\/\/api.w.org\/{rel}","templated":true}]}}