{"id":25840,"date":"2025-03-17T20:48:00","date_gmt":"2025-03-17T23:48:00","guid":{"rendered":"https:\/\/www.sbfisica.org.br\/v1\/sbf\/?page_id=25840"},"modified":"2025-03-19T16:42:10","modified_gmt":"2025-03-19T19:42:10","slug":"sobre-a-rbef","status":"publish","type":"page","link":"https:\/\/www.sbfisica.org.br\/v1\/sbf\/rbef\/sobre-a-rbef\/","title":{"rendered":"Sobre a RBEF"},"content":{"rendered":"<style>.elementor-25840 .elementor-element.elementor-element-a13d29a{margin-top:30px;margin-bottom:30px;}.elementor-25840 .elementor-element.elementor-element-3a21eaa > .elementor-element-populated{margin:0px 0px 0px 0px;--e-column-margin-right:0px;--e-column-margin-left:0px;padding:0px 0px 0px 0px;}.elementor-widget-image .widget-image-caption{color:var( --e-global-color-text );font-family:var( --e-global-typography-text-font-family ), raleway;font-weight:var( --e-global-typography-text-font-weight );}.elementor-25840 .elementor-element.elementor-element-d68e5e9 img{width:100%;max-width:100%;}.elementor-widget-heading .elementor-heading-title{font-family:var( --e-global-typography-primary-font-family ), raleway;font-weight:var( --e-global-typography-primary-font-weight );color:var( --e-global-color-primary );}.elementor-25840 .elementor-element.elementor-element-c4c09d0{text-align:start;}.elementor-25840 .elementor-element.elementor-element-c4c09d0 .elementor-heading-title{font-family:\"Kanit\", raleway;font-size:50px;font-weight:600;-webkit-text-stroke-color:#000;stroke:#000;color:#000000;}.elementor-widget-text-editor{font-family:var( --e-global-typography-text-font-family ), raleway;font-weight:var( --e-global-typography-text-font-weight );color:var( --e-global-color-text );}.elementor-widget-text-editor.elementor-drop-cap-view-stacked .elementor-drop-cap{background-color:var( --e-global-color-primary );}.elementor-widget-text-editor.elementor-drop-cap-view-framed .elementor-drop-cap, .elementor-widget-text-editor.elementor-drop-cap-view-default .elementor-drop-cap{color:var( --e-global-color-primary );border-color:var( --e-global-color-primary );}@media(max-width:1024px){.elementor-25840 .elementor-element.elementor-element-c4c09d0 .elementor-heading-title{font-size:40px;}}@media(max-width:767px){.elementor-25840 .elementor-element.elementor-element-c4c09d0 .elementor-heading-title{font-size:25px;}}<\/style>\t\t<div data-elementor-type=\"wp-page\" data-elementor-id=\"25840\" class=\"elementor elementor-25840\" data-elementor-settings=\"{&quot;ha_cmc_init_switcher&quot;:&quot;no&quot;}\" data-elementor-post-type=\"page\">\n\t\t\t\t\t\t<section class=\"elementor-section elementor-top-section elementor-element elementor-element-a13d29a elementor-section-boxed elementor-section-height-default elementor-section-height-default\" data-id=\"a13d29a\" data-element_type=\"section\" data-settings=\"{&quot;_ha_eqh_enable&quot;:false}\">\n\t\t\t\t\t\t<div class=\"elementor-container elementor-column-gap-default\">\n\t\t\t\t\t<div class=\"elementor-column elementor-col-100 elementor-top-column elementor-element elementor-element-3a21eaa\" data-id=\"3a21eaa\" data-element_type=\"column\">\n\t\t\t<div class=\"elementor-widget-wrap elementor-element-populated\">\n\t\t\t\t\t\t<div class=\"elementor-element elementor-element-d68e5e9 elementor-widget elementor-widget-image\" data-id=\"d68e5e9\" data-element_type=\"widget\" data-widget_type=\"image.default\">\n\t\t\t\t<div class=\"elementor-widget-container\">\n\t\t\t\t\t\t\t\t\t\t\t\t\t\t\t<img fetchpriority=\"high\" decoding=\"async\" width=\"1080\" height=\"270\" src=\"https:\/\/www.sbfisica.org.br\/v1\/sbf\/wp-content\/uploads\/2025\/03\/destaque-sobre.png\" class=\"attachment-full size-full wp-image-25883\" alt=\"\" \/>\t\t\t\t\t\t\t\t\t\t\t\t\t\t\t<\/div>\n\t\t\t\t<\/div>\n\t\t\t\t\t<\/div>\n\t\t<\/div>\n\t\t\t\t\t<\/div>\n\t\t<\/section>\n\t\t\t\t<section class=\"elementor-section elementor-top-section elementor-element elementor-element-4543f986 elementor-section-boxed elementor-section-height-default elementor-section-height-default\" data-id=\"4543f986\" data-element_type=\"section\" data-settings=\"{&quot;_ha_eqh_enable&quot;:false}\">\n\t\t\t\t\t\t<div class=\"elementor-container elementor-column-gap-default\">\n\t\t\t\t\t<div class=\"elementor-column elementor-col-100 elementor-top-column elementor-element elementor-element-7bdc14bd\" data-id=\"7bdc14bd\" data-element_type=\"column\">\n\t\t\t<div class=\"elementor-widget-wrap elementor-element-populated\">\n\t\t\t\t\t\t<div class=\"elementor-element elementor-element-c4c09d0 elementor-widget elementor-widget-heading\" data-id=\"c4c09d0\" data-element_type=\"widget\" data-widget_type=\"heading.default\">\n\t\t\t\t<div class=\"elementor-widget-container\">\n\t\t\t\t\t<h2 class=\"elementor-heading-title elementor-size-default\">Sobre a RBEF<\/h2>\t\t\t\t<\/div>\n\t\t\t\t<\/div>\n\t\t\t\t<div class=\"elementor-element elementor-element-6fd61622 elementor-widget elementor-widget-text-editor\" data-id=\"6fd61622\" data-element_type=\"widget\" data-widget_type=\"text-editor.default\">\n\t\t\t\t<div class=\"elementor-widget-container\">\n\t\t\t\t\t\t\t\t\t\n<p>A Revista Brasileira de Ensino de F\u00edsica &#8211; RBEF &#8211; \u00e9 uma publica\u00e7\u00e3o de acesso livre da Sociedade Brasileira de F\u00edsica (SBF) voltada \u00e0 melhoria do ensino de F\u00edsica em todos os n\u00edveis de escolariza\u00e7\u00e3o. Atrav\u00e9s da publica\u00e7\u00e3o de artigos de alta qualidade, revisados por pares, a revista busca promover e divulgar a F\u00edsica e ci\u00eancias correlatas, contribuindo para a educa\u00e7\u00e3o cient\u00edfica da sociedade como um todo. Ela publica artigos sobre aspectos te\u00f3ricos e experimentais de F\u00edsica, materiais e m\u00e9todos instrucionais, desenvolvimento de curr\u00edculo, pesquisa em ensino, hist\u00f3ria e filosofia da F\u00edsica, pol\u00edtica educacional e outros temas pertinentes e de interesse da comunidade engajada no ensino e pesquisa em F\u00edsica<\/p>\n\n<h2 class=\"wp-block-heading\">Corpo Editorial<\/h2>\n\n<h3 class=\"wp-block-heading has-text-color has-link-color wp-elements-a917135aa27cb5d0ba1fd3bdbc8f9805\" style=\"color: #a22020;\">Editor-Chefe:<\/h3>\n\n<p style=\"text-decoration: underline;\"><strong>Marcello Ferreira<\/strong> (Instituto de F\u00edsica da UnB, Bras\u00edlia, DF, Brasil)<\/p>\n\n<ul class=\"wp-block-list\">\n<li><strong>E-mail: <\/strong>marcellof@unb.br<\/li>\n\n<li><strong>Orcid:<\/strong> https:\/\/orcid.org\/0000-0003-4945-3169<\/li>\n<\/ul>\n\n<h3 class=\"wp-block-heading has-text-color has-link-color wp-elements-9781e63758da3442e311682ea9be1cde\" style=\"color: #a22020;\">Editor-Executivo:<\/h3>\n\n<p style=\"text-decoration: underline;\"><strong>Olavo Leopoldino da Silva Filho<\/strong> (Instituto de F\u00edsica da UnB, Bras\u00edlia, DF, Brasil)<\/p>\n\n<ul class=\"wp-block-list\">\n<li><strong>E-mail:<\/strong> olavolsf@unb.br<\/li>\n\n<li><strong>Orcid:<\/strong> https:\/\/orcid.org\/0000-0001-8078-3065<\/li>\n<\/ul>\n\n<h3 class=\"wp-block-heading has-text-color has-link-color wp-elements-3c4122bc27ad5a60e76d4a6497e534eb\" style=\"color: #a22020;\">Editores Associados: F\u00edsica Te\u00f3rica, Computacional e Temas de Fronteira<\/h3>\n\n<p style=\"text-decoration: underline;\"><strong>Carlos Eduardo Aguiar<\/strong> (Instituto de F\u00edsica da UFRJ, Rio de Janeiro, RJ, Brasil)<\/p>\n\n<ul class=\"wp-block-list\">\n<li><strong>E-mail:<\/strong> carlos@if.ufrj.br<\/li>\n\n<li><strong>Orcid:<\/strong> https:\/\/orcid.org\/0000-0002-6890-3519<\/li>\n<\/ul>\n\n<p style=\"text-decoration: underline;\"><strong>Nelson Studart Filho<\/strong> (Ilum \u2013 Escola de Ci\u00eancias, CNPEM, Campinas, SP, Brasil)<\/p>\n\n<ul class=\"wp-block-list\">\n<li><strong>E-mail:<\/strong> nstudart@gmail.com<\/li>\n\n<li><strong>Orcid:<\/strong> https:\/\/orcid.org\/0000-0002-8537-9990<\/li>\n<\/ul>\n\n<h3 class=\"wp-block-heading has-text-color has-link-color wp-elements-4b888ab6e0bcbd47b69503064dfd17fa\" style=\"color: #a22020;\">Editores Associados: F\u00edsica Experimental<\/h3>\n\n<p style=\"text-decoration: underline;\"><strong>Antonio Gomes de Souza Filho<\/strong> (Instituto de F\u00edsica da UFC, Fortaleza, CE, Brasil)<\/p>\n\n<ul class=\"wp-block-list\">\n<li><strong>E-mail:<\/strong> agsf@fisica.ufc.br<\/li>\n\n<li><strong>Orcid: <\/strong>https:\/\/orcid.org\/0000-0003-3802-1168<\/li>\n<\/ul>\n\n<p style=\"text-decoration: underline;\"><strong>Paulo C\u00e9sar de Morais<\/strong> (Instituto de F\u00edsica da UnB, Bras\u00edlia, DF, Brasil)<\/p>\n\n<ul class=\"wp-block-list\">\n<li><strong>E-mail: <\/strong>pcmor@unb.br<\/li>\n\n<li><strong>Orcid: <\/strong>https:\/\/orcid.org\/0000-0003-0801-7424<\/li>\n<\/ul>\n\n<h3 class=\"wp-block-heading has-text-color has-link-color wp-elements-78e969e356beb595e45311d8b29f19cf\" style=\"color: #a22020;\">Editoras Associadas: Pesquisa em Ensino de F\u00edsica<\/h3>\n\n<p style=\"text-decoration: underline;\"><strong>Eliane Veit<\/strong> (Instituto de F\u00edsica da UFRGS, Porto Alegre, RS, Brasil)<\/p>\n\n<ul class=\"wp-block-list\">\n<li><strong>E-mail: <\/strong>eliane.veit@ufrgs.br<\/li>\n\n<li><strong>Orcid:<\/strong> https:\/\/orcid.org\/0000-0002-2406-3415<\/li>\n<\/ul>\n\n<p style=\"text-decoration: underline;\"><strong>Maria de F\u00e1tima da Silva Verdeaux <\/strong>(Instituto de F\u00edsica da UnB, Bras\u00edlia, DF, Brasil)<\/p>\n\n<ul class=\"wp-block-list\">\n<li>E-mail: flettere@unb.br<\/li>\n\n<li>Orcid: https:\/\/orcid.org\/0000-0002-4775-0576<\/li>\n<\/ul>\n\n<h3 class=\"wp-block-heading has-text-color has-link-color wp-elements-a6cc7e9ea6ac7c41c9705aa72dcda109\" style=\"color: #a22020;\">Editores Associados: Epistemologia e Hist\u00f3ria da F\u00edsica e Astronomia<\/h3>\n\n<p style=\"text-decoration: underline;\"><strong>Indianara Lima Silva <\/strong>(Instituto de F\u00edsica da UESF, Feira de Santana, BA, Brasil)<\/p>\n\n<ul class=\"wp-block-list\">\n<li><strong>E-mail:<\/strong> isilva@uefs.br<\/li>\n\n<li><strong>Orcid:<\/strong> https:\/\/orcid.org\/0000-0002-2124-6435<\/li>\n<\/ul>\n\n<p style=\"text-decoration: underline;\"><strong>Michel Corci Batista<\/strong> (Departamento de F\u00edsica da UTFPR, Campo Mour\u00e3o, PR, Brasil)<\/p>\n\n<ul class=\"wp-block-list\">\n<li><strong>E-mail:<\/strong> michel@utfpr.edu.br<\/li>\n\n<li><strong>Orcid:<\/strong> https:\/\/orcid.org\/0000-0001-7328-2721<\/li>\n<\/ul>\n\n<h3 class=\"wp-block-heading has-text-color has-link-color wp-elements-99d3655c958de8b1a4b34778b72640a1\" style=\"color: #a22020;\">Editores Honor\u00e1rios<\/h3>\n\n<p style=\"text-decoration: underline;\"><strong>S\u00edlvio R. A. Salinas <\/strong>(Instituto de F\u00edsica da USP, S\u00e3o Paulo, SP, Brasil)<\/p>\n\n<ul class=\"wp-block-list\">\n<li><strong>E-mail:<\/strong> ssalinas@if.usp.br<\/li>\n\n<li><strong>Orcid: <\/strong>https:\/\/orcid.org\/0000-0001-5483-8771<\/li>\n<\/ul>\n\n<p style=\"text-decoration: underline;\"><strong>Viktor Dodonov <\/strong>(Instituto de F\u00edsica da UnB, Bras\u00edlia, DF, Brasil)<\/p>\n\n<ul class=\"wp-block-list\">\n<li><strong>E-mail: <\/strong>vdodonov@unb.br<\/li>\n\n<li><strong>Orcid:<\/strong> https:\/\/orcid.org\/0000-0002-0694-7372<\/li>\n<\/ul>\n\n<h2 class=\"wp-block-heading\">Contato de apoio<\/h2>\n\n<p><strong>Secretaria da RBEF &#8211; <\/strong>Sociedade Brasileira de F\u00edsica (SBF)<\/p>\n\n<ul class=\"wp-block-list\">\n<li><strong>E-mail: <\/strong>rbef@sbfisica.org.br<\/li>\n<\/ul>\n\n<h2 class=\"wp-block-heading\">Editorial Production<\/h2>\n\n<p><strong>SciELO Brasil<\/strong><\/p>\n\n<ul class=\"wp-block-list\">\n<li><strong>E-mail:<\/strong> gestao.editorial@scielo.org<\/li>\n\n<li><strong>Telefone:<\/strong> (11) 5083-3639 &#8211; ramal 112<\/li>\n<\/ul>\n\n<h2 class=\"wp-block-heading\">Contato<\/h2>\n\n<ul class=\"wp-block-list\">\n<li>rbef@sbfisica.org.br<\/li>\n<\/ul>\n\t\t\t\t\t\t\t\t<\/div>\n\t\t\t\t<\/div>\n\t\t\t\t\t<\/div>\n\t\t<\/div>\n\t\t\t\t\t<\/div>\n\t\t<\/section>\n\t\t\t\t<\/div>\n\t\t","protected":false},"excerpt":{"rendered":"<p>Sobre a RBEF A Revista Brasileira de Ensino de F\u00edsica &#8211; RBEF &#8211; \u00e9 uma publica\u00e7\u00e3o de acesso livre da Sociedade Brasileira de F\u00edsica (SBF) voltada \u00e0 melhoria do ensino de F\u00edsica em todos os n\u00edveis de escolariza\u00e7\u00e3o. Atrav\u00e9s da publica\u00e7\u00e3o de artigos de alta qualidade, revisados por pares, a revista busca promover e divulgar [&hellip;]<\/p>\n","protected":false},"author":12,"featured_media":16567,"parent":25834,"menu_order":0,"comment_status":"closed","ping_status":"closed","template":"elementor_header_footer","meta":{"footnotes":""},"class_list":["post-25840","page","type-page","status-publish","has-post-thumbnail","hentry"],"aioseo_notices":[],"_links":{"self":[{"href":"https:\/\/www.sbfisica.org.br\/v1\/sbf\/wp-json\/wp\/v2\/pages\/25840","targetHints":{"allow":["GET"]}}],"collection":[{"href":"https:\/\/www.sbfisica.org.br\/v1\/sbf\/wp-json\/wp\/v2\/pages"}],"about":[{"href":"https:\/\/www.sbfisica.org.br\/v1\/sbf\/wp-json\/wp\/v2\/types\/page"}],"author":[{"embeddable":true,"href":"https:\/\/www.sbfisica.org.br\/v1\/sbf\/wp-json\/wp\/v2\/users\/12"}],"replies":[{"embeddable":true,"href":"https:\/\/www.sbfisica.org.br\/v1\/sbf\/wp-json\/wp\/v2\/comments?post=25840"}],"version-history":[{"count":18,"href":"https:\/\/www.sbfisica.org.br\/v1\/sbf\/wp-json\/wp\/v2\/pages\/25840\/revisions"}],"predecessor-version":[{"id":25889,"href":"https:\/\/www.sbfisica.org.br\/v1\/sbf\/wp-json\/wp\/v2\/pages\/25840\/revisions\/25889"}],"up":[{"embeddable":true,"href":"https:\/\/www.sbfisica.org.br\/v1\/sbf\/wp-json\/wp\/v2\/pages\/25834"}],"wp:featuredmedia":[{"embeddable":true,"href":"https:\/\/www.sbfisica.org.br\/v1\/sbf\/wp-json\/wp\/v2\/media\/16567"}],"wp:attachment":[{"href":"https:\/\/www.sbfisica.org.br\/v1\/sbf\/wp-json\/wp\/v2\/media?parent=25840"}],"curies":[{"name":"wp","href":"https:\/\/api.w.org\/{rel}","templated":true}]}}